CRAN Package Check Results for Package hdd

Last updated on 2022-05-15 01:52:21 CEST.

Flavor Version Tinstall Tcheck Ttotal Status Flags
r-devel-linux-x86_64-debian-clang 0.1.0 7.53 75.37 82.90 NOTE
r-devel-linux-x86_64-debian-gcc 0.1.0 6.83 56.44 63.27 NOTE
r-devel-linux-x86_64-fedora-clang 0.1.0 103.49 NOTE
r-devel-linux-x86_64-fedora-gcc 0.1.0 99.07 NOTE
r-devel-windows-x86_64 0.1.0 23.00 96.00 119.00 NOTE
r-patched-linux-x86_64 0.1.0 9.76 70.86 80.62 NOTE
r-release-linux-x86_64 0.1.0 8.05 69.68 77.73 NOTE
r-release-macos-arm64 0.1.0 27.00 NOTE
r-release-macos-x86_64 0.1.0 55.00 NOTE
r-release-windows-x86_64 0.1.0 21.00 96.00 117.00 NOTE
r-oldrel-macos-arm64 0.1.0 30.00 NOTE
r-oldrel-macos-x86_64 0.1.0 44.00 NOTE
r-oldrel-windows-ix86+x86_64 0.1.0 18.00 87.00 105.00 NOTE

Check Details

Version: 0.1.0
Check: LazyData
Result: NOTE
     'LazyData' is specified without a 'data' directory
Flavors: r-devel-linux-x86_64-debian-clang, r-devel-linux-x86_64-debian-gcc, r-devel-linux-x86_64-fedora-clang, r-devel-linux-x86_64-fedora-gcc, r-devel-windows-x86_64, r-patched-linux-x86_64, r-release-linux-x86_64, r-release-macos-arm64, r-release-macos-x86_64, r-release-windows-x86_64, r-oldrel-macos-arm64, r-oldrel-macos-x86_64, r-oldrel-windows-ix86+x86_64