Last updated on 2022-05-15 01:52:21 CEST.
Flavor | Version | Tinstall | Tcheck | Ttotal | Status | Flags |
---|---|---|---|---|---|---|
r-devel-linux-x86_64-debian-clang | 1.1.1 | 37.82 | 199.19 | 237.01 | NOTE | |
r-devel-linux-x86_64-debian-gcc | 1.1.1 | 29.51 | 141.11 | 170.62 | NOTE | |
r-devel-linux-x86_64-fedora-clang | 1.1.1 | 291.13 | NOTE | |||
r-devel-linux-x86_64-fedora-gcc | 1.1.1 | 275.00 | NOTE | |||
r-devel-windows-x86_64 | 1.1.1 | 122.00 | 210.00 | 332.00 | NOTE | |
r-patched-linux-x86_64 | 1.1.1 | 28.87 | 184.40 | 213.27 | NOTE | |
r-release-linux-x86_64 | 1.1.1 | 26.06 | 185.53 | 211.59 | NOTE | |
r-release-macos-arm64 | 1.1.1 | 68.00 | NOTE | |||
r-release-macos-x86_64 | 1.1.1 | 147.00 | NOTE | |||
r-release-windows-x86_64 | 1.1.1 | 155.00 | 204.00 | 359.00 | NOTE | |
r-oldrel-macos-arm64 | 1.1.1 | 82.00 | NOTE | |||
r-oldrel-macos-x86_64 | 1.1.1 | 120.00 | NOTE | |||
r-oldrel-windows-ix86+x86_64 | 1.1.1 | 74.00 | 242.00 | 316.00 | NOTE |
Version: 1.1.1
Check: for GNU extensions in Makefiles
Result: NOTE
GNU make is a SystemRequirements.
Flavors: r-devel-linux-x86_64-debian-clang, r-devel-linux-x86_64-debian-gcc, r-devel-linux-x86_64-fedora-clang, r-devel-linux-x86_64-fedora-gcc, r-devel-windows-x86_64, r-patched-linux-x86_64, r-release-linux-x86_64, r-release-macos-arm64, r-release-macos-x86_64, r-release-windows-x86_64, r-oldrel-macos-arm64, r-oldrel-macos-x86_64, r-oldrel-windows-ix86+x86_64
Version: 1.1.1
Check: installed package size
Result: NOTE
installed size is 5.3Mb
sub-directories of 1Mb or more:
R 3.0Mb
extdata 1.2Mb
Flavors: r-release-macos-arm64, r-oldrel-macos-arm64