Last updated on 2022-05-15 01:52:20 CEST.
Flavor | Version | Tinstall | Tcheck | Ttotal | Status | Flags |
---|---|---|---|---|---|---|
r-devel-linux-x86_64-debian-clang | 1.5.0 | 8.38 | 70.61 | 78.99 | OK | |
r-devel-linux-x86_64-debian-gcc | 1.5.0 | 6.96 | 52.41 | 59.37 | OK | |
r-devel-linux-x86_64-fedora-clang | 1.5.0 | 92.94 | NOTE | |||
r-devel-linux-x86_64-fedora-gcc | 1.5.0 | 89.01 | NOTE | |||
r-devel-windows-x86_64 | 1.5.0 | 19.00 | 82.00 | 101.00 | OK | |
r-patched-linux-x86_64 | 1.5.0 | 6.35 | 65.51 | 71.86 | OK | |
r-release-linux-x86_64 | 1.5.0 | 8.97 | 66.32 | 75.29 | OK | |
r-release-macos-arm64 | 1.5.0 | 26.00 | NOTE | |||
r-release-macos-x86_64 | 1.5.0 | 48.00 | NOTE | |||
r-release-windows-x86_64 | 1.5.0 | 20.00 | 82.00 | 102.00 | OK | |
r-oldrel-macos-arm64 | 1.5.0 | 34.00 | NOTE | |||
r-oldrel-macos-x86_64 | 1.5.0 | 40.00 | NOTE | |||
r-oldrel-windows-ix86+x86_64 | 1.5.0 | 19.00 | 79.00 | 98.00 | OK |
Version: 1.5.0
Check: data for non-ASCII characters
Result: NOTE
Note: found 269 marked UTF-8 strings
Flavors: r-devel-linux-x86_64-fedora-clang, r-devel-linux-x86_64-fedora-gcc, r-release-macos-arm64, r-release-macos-x86_64, r-oldrel-macos-arm64, r-oldrel-macos-x86_64