CRAN Package Check Results for Package gset

Last updated on 2022-05-15 01:52:20 CEST.

Flavor Version Tinstall Tcheck Ttotal Status Flags
r-devel-linux-x86_64-debian-clang 1.1.0 15.43 144.23 159.66 NOTE
r-devel-linux-x86_64-debian-gcc 1.1.0 10.22 108.48 118.70 NOTE
r-devel-linux-x86_64-fedora-clang 1.1.0 186.27 NOTE
r-devel-linux-x86_64-fedora-gcc 1.1.0 180.71 NOTE
r-devel-windows-x86_64 1.1.0 22.00 150.00 172.00 NOTE
r-patched-linux-x86_64 1.1.0 9.29 134.66 143.95 NOTE
r-release-linux-x86_64 1.1.0 9.50 134.47 143.97 NOTE
r-release-macos-arm64 1.1.0 58.00 NOTE
r-release-macos-x86_64 1.1.0 94.00 NOTE
r-release-windows-x86_64 1.1.0 19.00 153.00 172.00 NOTE
r-oldrel-macos-arm64 1.1.0 57.00 NOTE
r-oldrel-macos-x86_64 1.1.0 100.00 NOTE
r-oldrel-windows-ix86+x86_64 1.1.0 34.00 147.00 181.00 NOTE

Check Details

Version: 1.1.0
Check: R code for possible problems
Result: NOTE
    binding: no visible global function definition for 'rnorm'
    binding: no visible binding for global variable 'var'
    binding: no visible global function definition for 'uniroot'
    equivonly: no visible global function definition for 'rnorm'
    equivonly: no visible binding for global variable 'var'
    equivonly: no visible global function definition for 'uniroot'
    figureE: no visible global function definition for 'rgb'
    figureEF: no visible global function definition for 'rgb'
    nfix : f: no visible global function definition for 'pnorm'
    nfix : f: no visible global function definition for 'qnorm'
    nfix: no visible global function definition for 'uniroot'
    nonbinding: no visible global function definition for 'rnorm'
    nonbinding: no visible binding for global variable 'var'
    nonbinding: no visible global function definition for 'uniroot'
    oc: no visible global function definition for 'rnorm'
    oc: no visible global function definition for 'var'
    Undefined global functions or variables:
     pnorm qnorm rgb rnorm uniroot var
    Consider adding
     importFrom("grDevices", "rgb")
     importFrom("stats", "pnorm", "qnorm", "rnorm", "uniroot", "var")
    to your NAMESPACE file.
Flavors: r-devel-linux-x86_64-debian-clang, r-devel-linux-x86_64-debian-gcc, r-devel-linux-x86_64-fedora-clang, r-devel-linux-x86_64-fedora-gcc, r-devel-windows-x86_64, r-patched-linux-x86_64, r-release-linux-x86_64, r-release-macos-arm64, r-release-macos-x86_64, r-release-windows-x86_64, r-oldrel-macos-arm64, r-oldrel-macos-x86_64, r-oldrel-windows-ix86+x86_64