CRAN Package Check Results for Package groupedSurv

Last updated on 2022-05-15 01:52:20 CEST.

Flavor Version Tinstall Tcheck Ttotal Status Flags
r-devel-linux-x86_64-debian-clang 1.0.4.2 110.35 79.05 189.40 OK
r-devel-linux-x86_64-debian-gcc 1.0.4.2 77.92 59.74 137.66 OK
r-devel-linux-x86_64-fedora-clang 1.0.4.2 278.37 NOTE
r-devel-linux-x86_64-fedora-gcc 1.0.4.2 229.11 OK
r-devel-windows-x86_64 1.0.4.2 87.00 135.00 222.00 OK
r-patched-linux-x86_64 1.0.4.2 86.83 75.29 162.12 OK
r-release-linux-x86_64 1.0.4.2 83.02 74.93 157.95 OK
r-release-macos-arm64 1.0.4.2 60.00 NOTE
r-release-macos-x86_64 1.0.4.2 83.00 NOTE
r-release-windows-x86_64 1.0.4.2 110.00 134.00 244.00 OK
r-oldrel-macos-arm64 1.0.4.2 94.00 NOTE
r-oldrel-macos-x86_64 1.0.4.2 115.00 NOTE
r-oldrel-windows-ix86+x86_64 1.0.4.2 258.00 141.00 399.00 OK

Check Details

Version: 1.0.4.2
Check: installed package size
Result: NOTE
     installed size is 7.8Mb
     sub-directories of 1Mb or more:
     libs 7.3Mb
Flavors: r-devel-linux-x86_64-fedora-clang, r-release-macos-arm64, r-release-macos-x86_64, r-oldrel-macos-arm64, r-oldrel-macos-x86_64

Version: 1.0.4.2
Check: package dependencies
Result: NOTE
    Package suggested but not available for checking: ‘snplist’
Flavors: r-release-macos-arm64, r-oldrel-macos-arm64