Last updated on 2022-05-15 01:52:20 CEST.
Flavor | Version | Tinstall | Tcheck | Ttotal | Status | Flags |
---|---|---|---|---|---|---|
r-devel-linux-x86_64-debian-clang | 0.0.3 | 2.90 | 119.01 | 121.91 | OK | |
r-devel-linux-x86_64-debian-gcc | 0.0.3 | 2.47 | 85.21 | 87.68 | OK | |
r-devel-linux-x86_64-fedora-clang | 0.0.3 | 149.71 | NOTE | |||
r-devel-linux-x86_64-fedora-gcc | 0.0.3 | 141.01 | NOTE | |||
r-devel-windows-x86_64 | 0.0.3 | 20.00 | 135.00 | 155.00 | OK | |
r-patched-linux-x86_64 | 0.0.3 | 2.95 | 118.33 | 121.28 | OK | |
r-release-linux-x86_64 | 0.0.3 | 3.07 | 118.71 | 121.78 | OK | |
r-release-macos-arm64 | 0.0.3 | 39.00 | NOTE | |||
r-release-macos-x86_64 | 0.0.3 | 61.00 | NOTE | |||
r-release-windows-x86_64 | 0.0.3 | 23.00 | 137.00 | 160.00 | OK | |
r-oldrel-macos-arm64 | 0.0.3 | 38.00 | NOTE | |||
r-oldrel-macos-x86_64 | 0.0.3 | 74.00 | NOTE | |||
r-oldrel-windows-ix86+x86_64 | 0.0.3 | 8.00 | 140.00 | 148.00 | OK |
Version: 0.0.3
Check: dependencies in R code
Result: NOTE
Namespaces in Imports field not imported from:
‘MASS’ ‘rjags’
All declared Imports should be used.
Flavors: r-devel-linux-x86_64-fedora-clang, r-devel-linux-x86_64-fedora-gcc, r-release-macos-arm64, r-release-macos-x86_64, r-oldrel-macos-arm64, r-oldrel-macos-x86_64