Last updated on 2022-05-15 01:52:20 CEST.
Flavor | Version | Tinstall | Tcheck | Ttotal | Status | Flags |
---|---|---|---|---|---|---|
r-devel-linux-x86_64-debian-clang | 0.5-1 | 6.35 | 61.63 | 67.98 | OK | |
r-devel-linux-x86_64-debian-gcc | 0.5-1 | 5.44 | 43.91 | 49.35 | OK | |
r-devel-linux-x86_64-fedora-clang | 0.5-1 | 81.16 | OK | |||
r-devel-linux-x86_64-fedora-gcc | 0.5-1 | 75.60 | OK | |||
r-devel-windows-x86_64 | 0.5-1 | 180.00 | 69.00 | 249.00 | OK | |
r-patched-linux-x86_64 | 0.5-1 | 6.01 | 56.89 | 62.90 | OK | |
r-release-linux-x86_64 | 0.5-1 | 7.09 | 56.01 | 63.10 | OK | |
r-release-macos-arm64 | 0.5-1 | 26.00 | OK | |||
r-release-macos-x86_64 | 0.5-1 | 32.00 | NOTE | |||
r-release-windows-x86_64 | 0.5-1 | 244.00 | 68.00 | 312.00 | OK | |
r-oldrel-macos-arm64 | 0.5-1 | 26.00 | OK | |||
r-oldrel-macos-x86_64 | 0.5-1 | 44.00 | OK | |||
r-oldrel-windows-ix86+x86_64 | 0.5-1 | 12.00 | 65.00 | 77.00 | OK |
Version: 0.5-1
Check: package dependencies
Result: NOTE
Package suggested but not available for checking: ‘pdftools’
Flavor: r-release-macos-x86_64