CRAN Package Check Results for Package gprofiler2

Last updated on 2022-05-15 01:52:20 CEST.

Flavor Version Tinstall Tcheck Ttotal Status Flags
r-devel-linux-x86_64-debian-clang 0.2.1 10.51 97.16 107.67 OK
r-devel-linux-x86_64-debian-gcc 0.2.1 6.56 71.87 78.43 OK
r-devel-linux-x86_64-fedora-clang 0.2.1 124.42 NOTE
r-devel-linux-x86_64-fedora-gcc 0.2.1 119.83 OK
r-devel-windows-x86_64 0.2.1 24.00 136.00 160.00 NOTE
r-patched-linux-x86_64 0.2.1 5.29 91.75 97.04 OK
r-release-linux-x86_64 0.2.1 5.10 91.68 96.78 OK
r-release-macos-arm64 0.2.1 78.00 NOTE
r-release-macos-x86_64 0.2.1 103.00 NOTE
r-release-windows-x86_64 0.2.1 38.00 136.00 174.00 NOTE
r-oldrel-macos-arm64 0.2.1 174.00 NOTE
r-oldrel-macos-x86_64 0.2.1 92.00 NOTE
r-oldrel-windows-ix86+x86_64 0.2.1 20.00 132.00 152.00 NOTE

Check Details

Version: 0.2.1
Check: installed package size
Result: NOTE
     installed size is 5.5Mb
     sub-directories of 1Mb or more:
     doc 5.3Mb
Flavors: r-devel-linux-x86_64-fedora-clang, r-devel-windows-x86_64, r-release-macos-arm64, r-release-macos-x86_64, r-release-windows-x86_64, r-oldrel-macos-arm64, r-oldrel-macos-x86_64, r-oldrel-windows-ix86+x86_64