CRAN Package Check Results for Package govdown

Last updated on 2022-05-15 01:52:20 CEST.

Flavor Version Tinstall Tcheck Ttotal Status Flags
r-devel-linux-x86_64-debian-clang 0.10.1 2.39 33.41 35.80 NOTE
r-devel-linux-x86_64-debian-gcc 0.10.1 1.96 25.70 27.66 NOTE
r-devel-linux-x86_64-fedora-clang 0.10.1 42.84 NOTE
r-devel-linux-x86_64-fedora-gcc 0.10.1 42.97 NOTE
r-devel-windows-x86_64 0.10.1 45.00 48.00 93.00 NOTE
r-patched-linux-x86_64 0.10.1 2.48 32.05 34.53 NOTE
r-release-linux-x86_64 0.10.1 2.35 31.37 33.72 NOTE
r-release-macos-arm64 0.10.1 17.00 NOTE
r-release-macos-x86_64 0.10.1 21.00 NOTE
r-release-windows-x86_64 0.10.1 46.00 53.00 99.00 NOTE
r-oldrel-macos-arm64 0.10.1 20.00 NOTE
r-oldrel-macos-x86_64 0.10.1 27.00 NOTE
r-oldrel-windows-ix86+x86_64 0.10.1 6.00 40.00 46.00 NOTE

Check Details

Version: 0.10.1
Check: LazyData
Result: NOTE
     'LazyData' is specified without a 'data' directory
Flavors: r-devel-linux-x86_64-debian-clang, r-devel-linux-x86_64-debian-gcc, r-devel-linux-x86_64-fedora-clang, r-devel-linux-x86_64-fedora-gcc, r-devel-windows-x86_64, r-patched-linux-x86_64, r-release-linux-x86_64, r-release-macos-arm64, r-release-macos-x86_64, r-release-windows-x86_64, r-oldrel-macos-arm64, r-oldrel-macos-x86_64, r-oldrel-windows-ix86+x86_64