Last updated on 2022-05-15 01:52:20 CEST.
Flavor | Version | Tinstall | Tcheck | Ttotal | Status | Flags |
---|---|---|---|---|---|---|
r-devel-linux-x86_64-debian-clang | 0.2.0 | 8.14 | 77.30 | 85.44 | OK | |
r-devel-linux-x86_64-debian-gcc | 0.2.0 | 5.54 | 57.09 | 62.63 | OK | |
r-devel-linux-x86_64-fedora-clang | 0.2.0 | 105.00 | NOTE | |||
r-devel-linux-x86_64-fedora-gcc | 0.2.0 | 95.75 | NOTE | |||
r-devel-windows-x86_64 | 0.2.0 | 136.00 | 108.00 | 244.00 | OK | |
r-patched-linux-x86_64 | 0.2.0 | 9.09 | 71.92 | 81.01 | OK | |
r-release-linux-x86_64 | 0.2.0 | 6.42 | 72.27 | 78.69 | OK | |
r-release-macos-arm64 | 0.2.0 | 33.00 | NOTE | |||
r-release-macos-x86_64 | 0.2.0 | 43.00 | NOTE | |||
r-release-windows-x86_64 | 0.2.0 | 137.00 | 107.00 | 244.00 | OK | |
r-oldrel-macos-arm64 | 0.2.0 | 28.00 | NOTE | |||
r-oldrel-macos-x86_64 | 0.2.0 | 42.00 | NOTE | |||
r-oldrel-windows-ix86+x86_64 | 0.2.0 | 20.00 | 97.00 | 117.00 | OK |
Version: 0.2.0
Check: dependencies in R code
Result: NOTE
Namespaces in Imports field not imported from:
‘assertthat’ ‘future’ ‘httr’
All declared Imports should be used.
Flavors: r-devel-linux-x86_64-fedora-clang, r-devel-linux-x86_64-fedora-gcc, r-release-macos-arm64, r-release-macos-x86_64, r-oldrel-macos-arm64, r-oldrel-macos-x86_64