Last updated on 2022-05-15 01:52:20 CEST.
Flavor | Version | Tinstall | Tcheck | Ttotal | Status | Flags |
---|---|---|---|---|---|---|
r-devel-linux-x86_64-debian-clang | 0.2.0 | 4.56 | 48.43 | 52.99 | NOTE | |
r-devel-linux-x86_64-debian-gcc | 0.2.0 | 2.62 | 36.62 | 39.24 | NOTE | |
r-devel-linux-x86_64-fedora-clang | 0.2.0 | 62.22 | NOTE | |||
r-devel-linux-x86_64-fedora-gcc | 0.2.0 | 59.80 | NOTE | |||
r-devel-windows-x86_64 | 0.2.0 | 58.00 | 67.00 | 125.00 | NOTE | |
r-patched-linux-x86_64 | 0.2.0 | 4.41 | 45.70 | 50.11 | NOTE | |
r-release-linux-x86_64 | 0.2.0 | 3.46 | 45.39 | 48.85 | NOTE | |
r-release-macos-arm64 | 0.2.0 | 19.00 | NOTE | |||
r-release-macos-x86_64 | 0.2.0 | 27.00 | NOTE | |||
r-release-windows-x86_64 | 0.2.0 | 36.00 | 65.00 | 101.00 | NOTE | |
r-oldrel-macos-arm64 | 0.2.0 | 26.00 | NOTE | |||
r-oldrel-macos-x86_64 | 0.2.0 | 31.00 | NOTE | |||
r-oldrel-windows-ix86+x86_64 | 0.2.0 | 10.00 | 63.00 | 73.00 | NOTE |
Version: 0.2.0
Check: LazyData
Result: NOTE
'LazyData' is specified without a 'data' directory
Flavors: r-devel-linux-x86_64-debian-clang, r-devel-linux-x86_64-debian-gcc, r-devel-linux-x86_64-fedora-clang, r-devel-linux-x86_64-fedora-gcc, r-devel-windows-x86_64, r-patched-linux-x86_64, r-release-linux-x86_64, r-release-macos-arm64, r-release-macos-x86_64, r-release-windows-x86_64, r-oldrel-macos-arm64, r-oldrel-macos-x86_64, r-oldrel-windows-ix86+x86_64