CRAN Package Check Results for Package gnomonicM

Last updated on 2022-05-15 01:52:20 CEST.

Flavor Version Tinstall Tcheck Ttotal Status Flags
r-devel-linux-x86_64-debian-clang 1.0.1 5.61 68.92 74.53 NOTE
r-devel-linux-x86_64-debian-gcc 1.0.1 4.23 52.90 57.13 NOTE
r-devel-linux-x86_64-fedora-clang 1.0.1 90.48 NOTE
r-devel-linux-x86_64-fedora-gcc 1.0.1 86.24 NOTE
r-devel-windows-x86_64 1.0.1 21.00 91.00 112.00 NOTE
r-patched-linux-x86_64 1.0.1 3.78 66.53 70.31 NOTE
r-release-linux-x86_64 1.0.1 5.40 65.87 71.27 NOTE
r-release-macos-arm64 1.0.1 29.00 NOTE
r-release-macos-x86_64 1.0.1 49.00 NOTE
r-release-windows-x86_64 1.0.1 17.00 91.00 108.00 NOTE
r-oldrel-macos-arm64 1.0.1 33.00 NOTE
r-oldrel-macos-x86_64 1.0.1 43.00 NOTE
r-oldrel-windows-ix86+x86_64 1.0.1 15.00 84.00 99.00 NOTE

Check Details

Version: 1.0.1
Check: LazyData
Result: NOTE
     'LazyData' is specified without a 'data' directory
Flavors: r-devel-linux-x86_64-debian-clang, r-devel-linux-x86_64-debian-gcc, r-devel-linux-x86_64-fedora-clang, r-devel-linux-x86_64-fedora-gcc, r-devel-windows-x86_64, r-patched-linux-x86_64, r-release-linux-x86_64, r-release-macos-arm64, r-release-macos-x86_64, r-release-windows-x86_64, r-oldrel-macos-arm64, r-oldrel-macos-x86_64, r-oldrel-windows-ix86+x86_64