Last updated on 2022-05-15 01:52:20 CEST.
Flavor | Version | Tinstall | Tcheck | Ttotal | Status | Flags |
---|---|---|---|---|---|---|
r-devel-linux-x86_64-debian-clang | 0.10.1 | 42.43 | 81.45 | 123.88 | OK | |
r-devel-linux-x86_64-debian-gcc | 0.10.1 | 33.70 | 59.78 | 93.48 | OK | |
r-devel-linux-x86_64-fedora-clang | 0.10.1 | 154.58 | NOTE | |||
r-devel-linux-x86_64-fedora-gcc | 0.10.1 | 144.15 | NOTE | |||
r-devel-windows-x86_64 | 0.10.1 | 36.00 | 129.00 | 165.00 | OK | |
r-patched-linux-x86_64 | 0.10.1 | 31.24 | 76.59 | 107.83 | OK | |
r-release-linux-x86_64 | 0.10.1 | 38.70 | 75.70 | 114.40 | OK | |
r-release-macos-arm64 | 0.10.1 | 46.00 | NOTE | |||
r-release-macos-x86_64 | 0.10.1 | 76.00 | NOTE | |||
r-release-windows-x86_64 | 0.10.1 | 38.00 | 126.00 | 164.00 | OK | |
r-oldrel-macos-arm64 | 0.10.1 | 54.00 | NOTE | |||
r-oldrel-macos-x86_64 | 0.10.1 | 74.00 | NOTE | |||
r-oldrel-windows-ix86+x86_64 | 0.10.1 | 88.00 | 145.00 | 233.00 | OK |
Version: 0.10.1
Check: installed package size
Result: NOTE
installed size is 11.1Mb
sub-directories of 1Mb or more:
doc 2.4Mb
libs 8.5Mb
Flavors: r-devel-linux-x86_64-fedora-clang, r-release-macos-arm64, r-release-macos-x86_64, r-oldrel-macos-arm64, r-oldrel-macos-x86_64
Version: 0.10.1
Check: dependencies in R code
Result: NOTE
Namespace in Imports field not imported from: ‘scales’
All declared Imports should be used.
Flavors: r-devel-linux-x86_64-fedora-clang, r-devel-linux-x86_64-fedora-gcc, r-release-macos-arm64, r-release-macos-x86_64, r-oldrel-macos-arm64, r-oldrel-macos-x86_64