Last updated on 2022-05-15 01:52:20 CEST.
Flavor | Version | Tinstall | Tcheck | Ttotal | Status | Flags |
---|---|---|---|---|---|---|
r-devel-linux-x86_64-debian-clang | 1.6.1 | 81.94 | 174.78 | 256.72 | OK | |
r-devel-linux-x86_64-debian-gcc | 1.6.1 | 63.57 | 129.69 | 193.26 | OK | |
r-devel-linux-x86_64-fedora-clang | 1.6.1 | 340.66 | NOTE | |||
r-devel-linux-x86_64-fedora-gcc | 1.6.1 | 320.46 | NOTE | |||
r-devel-windows-x86_64 | 1.6.1 | 65.00 | 174.00 | 239.00 | OK | |
r-patched-linux-x86_64 | 1.6.1 | 69.17 | 170.54 | 239.71 | OK | |
r-release-linux-x86_64 | 1.6.1 | 68.96 | 170.80 | 239.76 | OK | |
r-release-macos-arm64 | 1.6.1 | 75.00 | NOTE | |||
r-release-macos-x86_64 | 1.6.1 | 104.00 | NOTE | |||
r-release-windows-x86_64 | 1.6.1 | 101.00 | 180.00 | 281.00 | OK | |
r-oldrel-macos-arm64 | 1.6.1 | 74.00 | NOTE | |||
r-oldrel-macos-x86_64 | 1.6.1 | 98.00 | NOTE | |||
r-oldrel-windows-ix86+x86_64 | 1.6.1 | 114.00 | 224.00 | 338.00 | OK |
Version: 1.6.1
Check: installed package size
Result: NOTE
installed size is 7.0Mb
sub-directories of 1Mb or more:
libs 6.5Mb
Flavors: r-devel-linux-x86_64-fedora-clang, r-release-macos-arm64, r-release-macos-x86_64, r-oldrel-macos-arm64, r-oldrel-macos-x86_64
Version: 1.6.1
Check: dependencies in R code
Result: NOTE
Namespace in Imports field not imported from: ‘GMMBoost’
All declared Imports should be used.
Flavors: r-devel-linux-x86_64-fedora-clang, r-devel-linux-x86_64-fedora-gcc, r-release-macos-arm64, r-release-macos-x86_64, r-oldrel-macos-arm64, r-oldrel-macos-x86_64