Last updated on 2022-05-15 01:52:20 CEST.
Flavor | Version | Tinstall | Tcheck | Ttotal | Status | Flags |
---|---|---|---|---|---|---|
r-devel-linux-x86_64-debian-clang | 1.2 | 20.42 | 142.01 | 162.43 | OK | |
r-devel-linux-x86_64-debian-gcc | 1.2 | 13.45 | 105.71 | 119.16 | OK | |
r-devel-linux-x86_64-fedora-clang | 1.2 | 190.84 | NOTE | |||
r-devel-linux-x86_64-fedora-gcc | 1.2 | 180.05 | OK | |||
r-devel-windows-x86_64 | 1.2 | 27.00 | 144.00 | 171.00 | NOTE | |
r-patched-linux-x86_64 | 1.2 | 14.54 | 131.35 | 145.89 | OK | |
r-release-linux-x86_64 | 1.2 | 16.61 | 132.19 | 148.80 | OK | |
r-release-macos-arm64 | 1.2 | 55.00 | NOTE | |||
r-release-macos-x86_64 | 1.2 | 75.00 | NOTE | |||
r-release-windows-x86_64 | 1.2 | 29.00 | 144.00 | 173.00 | NOTE | |
r-oldrel-macos-arm64 | 1.2 | 50.00 | NOTE | |||
r-oldrel-macos-x86_64 | 1.2 | 73.00 | NOTE | |||
r-oldrel-windows-ix86+x86_64 | 1.2 | 45.00 | 137.00 | 182.00 | NOTE |
Version: 1.2
Check: installed package size
Result: NOTE
installed size is 9.4Mb
sub-directories of 1Mb or more:
extdata 9.1Mb
Flavors: r-devel-linux-x86_64-fedora-clang, r-devel-windows-x86_64, r-release-macos-arm64, r-release-macos-x86_64, r-release-windows-x86_64, r-oldrel-macos-arm64, r-oldrel-macos-x86_64, r-oldrel-windows-ix86+x86_64