Last updated on 2022-05-15 01:52:20 CEST.
Flavor | Version | Tinstall | Tcheck | Ttotal | Status | Flags |
---|---|---|---|---|---|---|
r-devel-linux-x86_64-debian-clang | 0.1.3 | 12.71 | 99.84 | 112.55 | NOTE | |
r-devel-linux-x86_64-debian-gcc | 0.1.3 | 9.91 | 73.54 | 83.45 | NOTE | |
r-devel-linux-x86_64-fedora-clang | 0.1.3 | 132.71 | NOTE | |||
r-devel-linux-x86_64-fedora-gcc | 0.1.3 | 130.22 | NOTE | |||
r-devel-windows-x86_64 | 0.1.3 | 26.00 | 114.00 | 140.00 | NOTE | |
r-patched-linux-x86_64 | 0.1.3 | 8.01 | 92.32 | 100.33 | NOTE | |
r-release-linux-x86_64 | 0.1.3 | 7.44 | 93.06 | 100.50 | NOTE | |
r-release-macos-arm64 | 0.1.3 | 36.00 | NOTE | |||
r-release-macos-x86_64 | 0.1.3 | 64.00 | NOTE | |||
r-release-windows-x86_64 | 0.1.3 | 25.00 | 111.00 | 136.00 | NOTE | |
r-oldrel-macos-arm64 | 0.1.3 | 46.00 | NOTE | |||
r-oldrel-macos-x86_64 | 0.1.3 | 57.00 | NOTE | |||
r-oldrel-windows-ix86+x86_64 | 0.1.3 | 27.00 | 111.00 | 138.00 | NOTE |
Version: 0.1.3
Check: LazyData
Result: NOTE
'LazyData' is specified without a 'data' directory
Flavors: r-devel-linux-x86_64-debian-clang, r-devel-linux-x86_64-debian-gcc, r-devel-linux-x86_64-fedora-clang, r-devel-linux-x86_64-fedora-gcc, r-devel-windows-x86_64, r-patched-linux-x86_64, r-release-linux-x86_64, r-release-macos-arm64, r-release-macos-x86_64, r-release-windows-x86_64, r-oldrel-macos-arm64, r-oldrel-macos-x86_64, r-oldrel-windows-ix86+x86_64
Version: 0.1.3
Check: dependencies in R code
Result: NOTE
Namespaces in Imports field not imported from:
‘gcookbook’ ‘ggthemes’ ‘moonBook’ ‘tidyverse’
All declared Imports should be used.
Flavors: r-devel-linux-x86_64-fedora-clang, r-devel-linux-x86_64-fedora-gcc, r-release-macos-arm64, r-release-macos-x86_64, r-oldrel-macos-arm64, r-oldrel-macos-x86_64