CRAN Package Check Results for Package gglm

Last updated on 2022-05-15 01:52:20 CEST.

Flavor Version Tinstall Tcheck Ttotal Status Flags
r-devel-linux-x86_64-debian-clang 0.1.0 2.25 43.85 46.10 NOTE
r-devel-linux-x86_64-debian-gcc 0.1.0 2.07 33.45 35.52 NOTE
r-devel-linux-x86_64-fedora-clang 0.1.0 56.85 NOTE
r-devel-linux-x86_64-fedora-gcc 0.1.0 54.25 NOTE
r-devel-windows-x86_64 0.1.0 9.00 60.00 69.00 NOTE
r-patched-linux-x86_64 0.1.0 3.05 41.57 44.62 NOTE
r-release-linux-x86_64 0.1.0 2.46 42.06 44.52 NOTE
r-release-macos-arm64 0.1.0 18.00 NOTE
r-release-macos-x86_64 0.1.0 31.00 NOTE
r-release-windows-x86_64 0.1.0 17.00 59.00 76.00 NOTE
r-oldrel-macos-arm64 0.1.0 20.00 NOTE
r-oldrel-macos-x86_64 0.1.0 30.00 NOTE
r-oldrel-windows-ix86+x86_64 0.1.0 7.00 53.00 60.00 NOTE

Check Details

Version: 0.1.0
Check: LazyData
Result: NOTE
     'LazyData' is specified without a 'data' directory
Flavors: r-devel-linux-x86_64-debian-clang, r-devel-linux-x86_64-debian-gcc, r-devel-linux-x86_64-fedora-clang, r-devel-linux-x86_64-fedora-gcc, r-devel-windows-x86_64, r-patched-linux-x86_64, r-release-linux-x86_64, r-release-macos-arm64, r-release-macos-x86_64, r-release-windows-x86_64, r-oldrel-macos-arm64, r-oldrel-macos-x86_64, r-oldrel-windows-ix86+x86_64