Last updated on 2022-05-15 01:52:20 CEST.
Flavor | Version | Tinstall | Tcheck | Ttotal | Status | Flags |
---|---|---|---|---|---|---|
r-devel-linux-x86_64-debian-clang | 0.2.0 | 43.15 | 94.97 | 138.12 | NOTE | |
r-devel-linux-x86_64-debian-gcc | 0.2.0 | 33.22 | 70.35 | 103.57 | NOTE | |
r-devel-linux-x86_64-fedora-clang | 0.2.0 | 172.07 | NOTE | |||
r-devel-linux-x86_64-fedora-gcc | 0.2.0 | 157.50 | NOTE | |||
r-devel-windows-x86_64 | 0.2.0 | 53.00 | 129.00 | 182.00 | NOTE | |
r-patched-linux-x86_64 | 0.2.0 | 39.46 | 87.64 | 127.10 | NOTE | |
r-release-linux-x86_64 | 0.2.0 | 38.92 | 87.61 | 126.53 | NOTE | |
r-release-macos-arm64 | 0.2.0 | 43.00 | NOTE | |||
r-release-macos-x86_64 | 0.2.0 | 102.00 | NOTE | |||
r-release-windows-x86_64 | 0.2.0 | 48.00 | 125.00 | 173.00 | NOTE | |
r-oldrel-macos-arm64 | 0.2.0 | 57.00 | NOTE | |||
r-oldrel-macos-x86_64 | 0.2.0 | 84.00 | NOTE | |||
r-oldrel-windows-ix86+x86_64 | 0.2.0 | 103.00 | 150.00 | 253.00 | NOTE |
Version: 0.2.0
Check: LazyData
Result: NOTE
'LazyData' is specified without a 'data' directory
Flavors: r-devel-linux-x86_64-debian-clang, r-devel-linux-x86_64-debian-gcc, r-devel-linux-x86_64-fedora-clang, r-devel-linux-x86_64-fedora-gcc, r-devel-windows-x86_64, r-patched-linux-x86_64, r-release-linux-x86_64, r-release-macos-arm64, r-release-macos-x86_64, r-release-windows-x86_64, r-oldrel-macos-arm64, r-oldrel-macos-x86_64, r-oldrel-windows-ix86+x86_64