Last updated on 2022-05-15 01:52:20 CEST.
Flavor | Version | Tinstall | Tcheck | Ttotal | Status | Flags |
---|---|---|---|---|---|---|
r-devel-linux-x86_64-debian-clang | 0.10.1 | 24.59 | 305.45 | 330.04 | OK | |
r-devel-linux-x86_64-debian-gcc | 0.10.1 | 21.29 | 215.79 | 237.08 | OK | |
r-devel-linux-x86_64-fedora-clang | 0.10.1 | 393.30 | NOTE | |||
r-devel-linux-x86_64-fedora-gcc | 0.10.1 | 364.50 | OK | |||
r-devel-windows-x86_64 | 0.10.1 | 189.00 | 325.00 | 514.00 | OK | |
r-patched-linux-x86_64 | 0.10.1 | 35.40 | 280.04 | 315.44 | OK | |
r-release-linux-x86_64 | 0.10.1 | 19.24 | 279.40 | 298.64 | OK | |
r-release-macos-arm64 | 0.10.1 | 100.00 | OK | |||
r-release-macos-x86_64 | 0.10.1 | 157.00 | OK | |||
r-release-windows-x86_64 | 0.10.1 | 160.00 | 321.00 | 481.00 | OK | |
r-oldrel-macos-arm64 | 0.10.1 | 113.00 | OK | |||
r-oldrel-macos-x86_64 | 0.10.1 | 229.00 | OK | |||
r-oldrel-windows-ix86+x86_64 | 0.10.1 | 43.00 | 302.00 | 345.00 | OK |
Version: 0.10.1
Check: Rd cross-references
Result: NOTE
Undeclared package ‘quantreg’ in Rd xrefs
Flavor: r-devel-linux-x86_64-fedora-clang