CRAN Package Check Results for Package ggetho

Last updated on 2022-05-15 01:52:20 CEST.

Flavor Version Tinstall Tcheck Ttotal Status Flags
r-devel-linux-x86_64-debian-clang 0.3.6 6.29 199.45 205.74 NOTE
r-devel-linux-x86_64-debian-gcc 0.3.6 4.70 124.41 129.11 NOTE
r-devel-linux-x86_64-fedora-clang 0.3.6 206.94 NOTE
r-devel-linux-x86_64-fedora-gcc 0.3.6 183.26 NOTE
r-devel-windows-x86_64 0.3.6 18.00 162.00 180.00 NOTE
r-patched-linux-x86_64 0.3.6 11.98 157.35 169.33 NOTE
r-release-linux-x86_64 0.3.6 5.26 157.17 162.43 NOTE
r-release-macos-arm64 0.3.6 44.00 NOTE
r-release-macos-x86_64 0.3.6 85.00 NOTE
r-release-windows-x86_64 0.3.6 22.00 160.00 182.00 NOTE
r-oldrel-macos-arm64 0.3.6 51.00 NOTE
r-oldrel-macos-x86_64 0.3.6 82.00 NOTE
r-oldrel-windows-ix86+x86_64 0.3.6 18.00 163.00 181.00 NOTE

Check Details

Version: 0.3.6
Check: LazyData
Result: NOTE
     'LazyData' is specified without a 'data' directory
Flavors: r-devel-linux-x86_64-debian-clang, r-devel-linux-x86_64-debian-gcc, r-devel-linux-x86_64-fedora-clang, r-devel-linux-x86_64-fedora-gcc, r-devel-windows-x86_64, r-patched-linux-x86_64, r-release-linux-x86_64, r-release-macos-arm64, r-release-macos-x86_64, r-release-windows-x86_64, r-oldrel-macos-arm64, r-oldrel-macos-x86_64, r-oldrel-windows-ix86+x86_64