CRAN Package Check Results for Package gesisdata

Last updated on 2022-05-15 01:52:20 CEST.

Flavor Version Tinstall Tcheck Ttotal Status Flags
r-devel-linux-x86_64-debian-clang 0.1.0 8.20 82.25 90.45 NOTE
r-devel-linux-x86_64-debian-gcc 0.1.0 6.58 61.38 67.96 NOTE
r-devel-linux-x86_64-fedora-clang 0.1.0 109.10 NOTE
r-devel-linux-x86_64-fedora-gcc 0.1.0 102.25 NOTE
r-devel-windows-x86_64 0.1.0 20.00 96.00 116.00 NOTE
r-patched-linux-x86_64 0.1.0 5.58 76.37 81.95 NOTE
r-release-linux-x86_64 0.1.0 5.04 75.64 80.68 NOTE
r-release-macos-arm64 0.1.0 31.00 NOTE
r-release-macos-x86_64 0.1.0 53.00 NOTE
r-release-windows-x86_64 0.1.0 14.00 96.00 110.00 NOTE
r-oldrel-macos-arm64 0.1.0 35.00 NOTE
r-oldrel-macos-x86_64 0.1.0 50.00 NOTE
r-oldrel-windows-ix86+x86_64 0.1.0 20.00 95.00 115.00 NOTE

Check Details

Version: 0.1.0
Check: LazyData
Result: NOTE
     'LazyData' is specified without a 'data' directory
Flavors: r-devel-linux-x86_64-debian-clang, r-devel-linux-x86_64-debian-gcc, r-devel-linux-x86_64-fedora-clang, r-devel-linux-x86_64-fedora-gcc, r-devel-windows-x86_64, r-patched-linux-x86_64, r-release-linux-x86_64, r-release-macos-arm64, r-release-macos-x86_64, r-release-windows-x86_64, r-oldrel-macos-arm64, r-oldrel-macos-x86_64, r-oldrel-windows-ix86+x86_64