CRAN Package Check Results for Package geojsonR

Last updated on 2022-05-15 01:52:20 CEST.

Flavor Version Tinstall Tcheck Ttotal Status Flags
r-devel-linux-x86_64-debian-clang 1.1.0 65.84 45.53 111.37 OK
r-devel-linux-x86_64-debian-gcc 1.1.0 48.96 34.17 83.13 OK
r-devel-linux-x86_64-fedora-clang 1.1.0 152.52 OK
r-devel-linux-x86_64-fedora-gcc 1.1.0 142.00 OK
r-devel-windows-x86_64 1.1.0 69.00 89.00 158.00 OK
r-patched-linux-x86_64 1.1.0 59.86 43.24 103.10 OK
r-release-linux-x86_64 1.1.0 57.69 43.35 101.04 OK
r-release-macos-arm64 1.1.0 36.00 NOTE
r-release-macos-x86_64 1.1.0 51.00 NOTE
r-release-windows-x86_64 1.1.0 67.00 90.00 157.00 OK
r-oldrel-macos-arm64 1.1.0 41.00 NOTE
r-oldrel-macos-x86_64 1.1.0 75.00 NOTE
r-oldrel-windows-ix86+x86_64 1.1.0 147.00 98.00 245.00 OK

Check Details

Version: 1.1.0
Check: installed package size
Result: NOTE
     installed size is 6.0Mb
     sub-directories of 1Mb or more:
     doc 1.3Mb
     libs 4.5Mb
Flavors: r-release-macos-arm64, r-release-macos-x86_64, r-oldrel-macos-arm64, r-oldrel-macos-x86_64