CRAN Package Check Results for Package gargoyle

Last updated on 2022-05-15 01:52:19 CEST.

Flavor Version Tinstall Tcheck Ttotal Status Flags
r-devel-linux-x86_64-debian-clang 0.0.1 3.58 50.62 54.20 NOTE
r-devel-linux-x86_64-debian-gcc 0.0.1 3.01 40.32 43.33 NOTE
r-devel-linux-x86_64-fedora-clang 0.0.1 67.26 NOTE
r-devel-linux-x86_64-fedora-gcc 0.0.1 63.93 NOTE
r-devel-windows-x86_64 0.0.1 12.00 79.00 91.00 NOTE
r-patched-linux-x86_64 0.0.1 3.06 49.13 52.19 NOTE
r-release-linux-x86_64 0.0.1 3.59 49.07 52.66 NOTE
r-release-macos-arm64 0.0.1 24.00 NOTE
r-release-macos-x86_64 0.0.1 41.00 NOTE
r-release-windows-x86_64 0.0.1 10.00 80.00 90.00 NOTE
r-oldrel-macos-arm64 0.0.1 28.00 NOTE
r-oldrel-macos-x86_64 0.0.1 39.00 NOTE
r-oldrel-windows-ix86+x86_64 0.0.1 10.00 68.00 78.00 NOTE

Check Details

Version: 0.0.1
Check: LazyData
Result: NOTE
     'LazyData' is specified without a 'data' directory
Flavors: r-devel-linux-x86_64-debian-clang, r-devel-linux-x86_64-debian-gcc, r-devel-linux-x86_64-fedora-clang, r-devel-linux-x86_64-fedora-gcc, r-devel-windows-x86_64, r-patched-linux-x86_64, r-release-linux-x86_64, r-release-macos-arm64, r-release-macos-x86_64, r-release-windows-x86_64, r-oldrel-macos-arm64, r-oldrel-macos-x86_64, r-oldrel-windows-ix86+x86_64