Last updated on 2022-05-15 01:52:19 CEST.
Flavor | Version | Tinstall | Tcheck | Ttotal | Status | Flags |
---|---|---|---|---|---|---|
r-devel-linux-x86_64-debian-clang | 1.0-1 | 8.68 | 95.17 | 103.85 | OK | |
r-devel-linux-x86_64-debian-gcc | 1.0-1 | 7.33 | 71.93 | 79.26 | OK | |
r-devel-linux-x86_64-fedora-clang | 1.0-1 | 129.93 | NOTE | |||
r-devel-linux-x86_64-fedora-gcc | 1.0-1 | 118.48 | OK | |||
r-devel-windows-x86_64 | 1.0-1 | 14.00 | 107.00 | 121.00 | OK | |
r-patched-linux-x86_64 | 1.0-1 | 9.09 | 90.02 | 99.11 | OK | |
r-release-linux-x86_64 | 1.0-1 | 8.65 | 90.66 | 99.31 | OK | |
r-release-macos-arm64 | 1.0-1 | 37.00 | OK | |||
r-release-macos-x86_64 | 1.0-1 | 50.00 | OK | |||
r-release-windows-x86_64 | 1.0-1 | 22.00 | 112.00 | 134.00 | OK | |
r-oldrel-macos-arm64 | 1.0-1 | 40.00 | OK | |||
r-oldrel-macos-x86_64 | 1.0-1 | 51.00 | OK | |||
r-oldrel-windows-ix86+x86_64 | 1.0-1 | 20.00 | 104.00 | 124.00 | OK |
Version: 1.0-1
Check: Rd cross-references
Result: NOTE
Undeclared packages ‘gamlss.dist’, ‘gamlss.add’ in Rd xrefs
Flavor: r-devel-linux-x86_64-fedora-clang