CRAN Package Check Results for Package funneljoin

Last updated on 2022-05-15 01:52:19 CEST.

Flavor Version Tinstall Tcheck Ttotal Status Flags
r-devel-linux-x86_64-debian-clang 0.1.0 6.66 84.24 90.90 OK
r-devel-linux-x86_64-debian-gcc 0.1.0 4.51 60.70 65.21 OK
r-devel-linux-x86_64-fedora-clang 0.1.0 105.10 NOTE
r-devel-linux-x86_64-fedora-gcc 0.1.0 98.10 NOTE
r-devel-windows-x86_64 0.1.0 31.00 107.00 138.00 OK
r-patched-linux-x86_64 0.1.0 5.76 77.19 82.95 OK
r-release-linux-x86_64 0.1.0 3.20 75.13 78.33 OK
r-release-macos-arm64 0.1.0 28.00 NOTE
r-release-macos-x86_64 0.1.0 57.00 NOTE
r-release-windows-x86_64 0.1.0 33.00 98.00 131.00 OK
r-oldrel-macos-arm64 0.1.0 34.00 NOTE
r-oldrel-macos-x86_64 0.1.0 43.00 NOTE
r-oldrel-windows-ix86+x86_64 0.1.0 14.00 94.00 108.00 OK

Check Details

Version: 0.1.0
Check: dependencies in R code
Result: NOTE
    Namespace in Imports field not imported from: ‘tibble’
     All declared Imports should be used.
Flavors: r-devel-linux-x86_64-fedora-clang, r-devel-linux-x86_64-fedora-gcc, r-release-macos-arm64, r-release-macos-x86_64, r-oldrel-macos-arm64, r-oldrel-macos-x86_64