Last updated on 2022-05-15 01:52:19 CEST.
Flavor | Version | Tinstall | Tcheck | Ttotal | Status | Flags |
---|---|---|---|---|---|---|
r-devel-linux-x86_64-debian-clang | 0.6 | 1.44 | 29.51 | 30.95 | NOTE | |
r-devel-linux-x86_64-debian-gcc | 0.6 | 1.59 | 22.87 | 24.46 | NOTE | |
r-devel-linux-x86_64-fedora-clang | 0.6 | 38.89 | NOTE | |||
r-devel-linux-x86_64-fedora-gcc | 0.6 | 37.29 | NOTE | |||
r-devel-windows-x86_64 | 0.6 | 17.00 | 44.00 | 61.00 | NOTE | |
r-patched-linux-x86_64 | 0.6 | 1.79 | 28.79 | 30.58 | NOTE | |
r-release-linux-x86_64 | 0.6 | 1.71 | 28.53 | 30.24 | NOTE | |
r-release-macos-arm64 | 0.6 | 16.00 | NOTE | |||
r-release-macos-x86_64 | 0.6 | 22.00 | NOTE | |||
r-release-windows-x86_64 | 0.6 | 6.00 | 42.00 | 48.00 | NOTE | |
r-oldrel-macos-arm64 | 0.6 | 18.00 | NOTE | |||
r-oldrel-macos-x86_64 | 0.6 | 28.00 | NOTE | |||
r-oldrel-windows-ix86+x86_64 | 0.6 | 4.00 | 24.00 | 28.00 | NOTE |
Version: 0.6
Check: DESCRIPTION meta-information
Result: NOTE
Malformed Description field: should contain one or more complete sentences.
Flavors: r-devel-linux-x86_64-debian-clang, r-devel-linux-x86_64-debian-gcc, r-devel-linux-x86_64-fedora-clang, r-devel-linux-x86_64-fedora-gcc, r-devel-windows-x86_64, r-patched-linux-x86_64, r-release-linux-x86_64, r-release-macos-arm64, r-release-macos-x86_64, r-release-windows-x86_64, r-oldrel-macos-arm64, r-oldrel-macos-x86_64, r-oldrel-windows-ix86+x86_64