CRAN Package Check Results for Package funFEM

Last updated on 2022-05-15 01:52:19 CEST.

Flavor Version Tinstall Tcheck Ttotal Status Flags
r-devel-linux-x86_64-debian-clang 1.2 10.27 93.26 103.53 OK
r-devel-linux-x86_64-debian-gcc 1.2 7.33 70.84 78.17 OK
r-devel-linux-x86_64-fedora-clang 1.2 123.65 NOTE
r-devel-linux-x86_64-fedora-gcc 1.2 119.97 NOTE
r-devel-windows-x86_64 1.2 13.00 111.00 124.00 OK
r-patched-linux-x86_64 1.2 9.83 89.48 99.31 OK
r-release-linux-x86_64 1.2 9.28 89.62 98.90 OK
r-release-macos-arm64 1.2 38.00 NOTE
r-release-macos-x86_64 1.2 61.00 NOTE
r-release-windows-x86_64 1.2 14.00 113.00 127.00 OK
r-oldrel-macos-arm64 1.2 35.00 NOTE
r-oldrel-macos-x86_64 1.2 52.00 NOTE
r-oldrel-windows-ix86+x86_64 1.2 23.00 100.00 123.00 OK

Check Details

Version: 1.2
Check: data for non-ASCII characters
Result: NOTE
     Note: found 120 marked UTF-8 strings
Flavors: r-devel-linux-x86_64-fedora-clang, r-devel-linux-x86_64-fedora-gcc, r-release-macos-arm64, r-release-macos-x86_64, r-oldrel-macos-arm64, r-oldrel-macos-x86_64