Last updated on 2022-05-15 01:52:19 CEST.
Flavor | Version | Tinstall | Tcheck | Ttotal | Status | Flags |
---|---|---|---|---|---|---|
r-devel-linux-x86_64-debian-clang | 0.9.12 | 82.75 | 39.72 | 122.47 | OK | |
r-devel-linux-x86_64-debian-gcc | 0.9.12 | 53.66 | 30.25 | 83.91 | OK | |
r-devel-linux-x86_64-fedora-clang | 0.9.12 | 188.83 | OK | |||
r-devel-linux-x86_64-fedora-gcc | 0.9.12 | 146.71 | OK | |||
r-devel-windows-x86_64 | 0.9.12 | 148.00 | 83.00 | 231.00 | OK | |
r-patched-linux-x86_64 | 0.9.12 | 65.03 | 37.99 | 103.02 | OK | |
r-release-linux-x86_64 | 0.9.12 | 62.16 | 37.76 | 99.92 | OK | |
r-release-macos-arm64 | 0.9.12 | 39.00 | OK | |||
r-release-macos-x86_64 | 0.9.12 | 59.00 | OK | |||
r-release-windows-x86_64 | 0.9.12 | 154.00 | 87.00 | 241.00 | OK | |
r-oldrel-macos-arm64 | 0.9.12 | 41.00 | OK | |||
r-oldrel-macos-x86_64 | 0.9.12 | 80.00 | NOTE | |||
r-oldrel-windows-ix86+x86_64 | 0.9.12 | 295.00 | 77.00 | 372.00 | OK |
Version: 0.9.12
Check: installed package size
Result: NOTE
installed size is 7.4Mb
sub-directories of 1Mb or more:
libs 7.3Mb
Flavor: r-oldrel-macos-x86_64