Last updated on 2022-05-15 01:52:19 CEST.
Flavor | Version | Tinstall | Tcheck | Ttotal | Status | Flags |
---|---|---|---|---|---|---|
r-devel-linux-x86_64-debian-clang | 0.9.4.4 | 20.84 | 172.18 | 193.02 | NOTE | |
r-devel-linux-x86_64-debian-gcc | 0.9.4.4 | 15.27 | 128.53 | 143.80 | NOTE | |
r-devel-linux-x86_64-fedora-clang | 0.9.4.4 | 232.38 | NOTE | |||
r-devel-linux-x86_64-fedora-gcc | 0.9.4.4 | 232.13 | NOTE | |||
r-devel-windows-x86_64 | 0.9.4.4 | 25.00 | 182.00 | 207.00 | NOTE | |
r-patched-linux-x86_64 | 0.9.4.4 | 15.31 | 162.38 | 177.69 | NOTE | |
r-release-linux-x86_64 | 0.9.4.4 | 16.95 | 160.60 | 177.55 | NOTE | |
r-release-macos-arm64 | 0.9.4.4 | 61.00 | NOTE | |||
r-release-macos-x86_64 | 0.9.4.4 | 113.00 | NOTE | |||
r-release-windows-x86_64 | 0.9.4.4 | 30.00 | 176.00 | 206.00 | NOTE | |
r-oldrel-macos-arm64 | 0.9.4.4 | 92.00 | NOTE | |||
r-oldrel-macos-x86_64 | 0.9.4.4 | 110.00 | NOTE | |||
r-oldrel-windows-ix86+x86_64 | 0.9.4.4 | 41.00 | 176.00 | 217.00 | OK |
Version: 0.9.4.4
Check: package dependencies
Result: NOTE
Packages suggested but not available for checking:
'foba', 'obliqueRF', 'rrlda'
Flavors: r-devel-linux-x86_64-debian-clang, r-devel-linux-x86_64-debian-gcc, r-devel-linux-x86_64-fedora-gcc, r-patched-linux-x86_64, r-release-linux-x86_64
Version: 0.9.4.4
Check: package dependencies
Result: NOTE
Packages suggested but not available for checking: 'foba', 'rrlda'
Flavors: r-devel-linux-x86_64-fedora-clang, r-devel-windows-x86_64, r-release-macos-arm64, r-release-windows-x86_64
Version: 0.9.4.4
Check: package dependencies
Result: NOTE
Packages suggested but not available for checking:
'extraTrees', 'foba', 'rrlda', 'RWeka'
Flavor: r-release-macos-x86_64
Version: 0.9.4.4
Check: package dependencies
Result: NOTE
Package suggested but not available for checking: ‘foba’
Flavors: r-oldrel-macos-arm64, r-oldrel-macos-x86_64