Last updated on 2022-05-15 01:52:19 CEST.
Flavor | Version | Tinstall | Tcheck | Ttotal | Status | Flags |
---|---|---|---|---|---|---|
r-devel-linux-x86_64-debian-clang | 1.7.1 | 4.21 | 38.88 | 43.09 | NOTE | |
r-devel-linux-x86_64-debian-gcc | 1.7.1 | 2.98 | 30.22 | 33.20 | NOTE | |
r-devel-linux-x86_64-fedora-clang | 1.7.1 | 51.98 | NOTE | |||
r-devel-linux-x86_64-fedora-gcc | 1.7.1 | 50.10 | NOTE | |||
r-devel-windows-x86_64 | 1.7.1 | 41.00 | 56.00 | 97.00 | NOTE | |
r-patched-linux-x86_64 | 1.7.1 | 3.96 | 37.83 | 41.79 | NOTE | |
r-release-linux-x86_64 | 1.7.1 | 3.14 | 37.53 | 40.67 | NOTE | |
r-release-macos-arm64 | 1.7.1 | 17.00 | NOTE | |||
r-release-macos-x86_64 | 1.7.1 | 24.00 | NOTE | |||
r-release-windows-x86_64 | 1.7.1 | 69.00 | 58.00 | 127.00 | NOTE | |
r-oldrel-macos-arm64 | 1.7.1 | 23.00 | NOTE | |||
r-oldrel-macos-x86_64 | 1.7.1 | 32.00 | NOTE | |||
r-oldrel-windows-ix86+x86_64 | 1.7.1 | 8.00 | 47.00 | 55.00 | NOTE |
Version: 1.7.1
Check: LazyData
Result: NOTE
'LazyData' is specified without a 'data' directory
Flavors: r-devel-linux-x86_64-debian-clang, r-devel-linux-x86_64-debian-gcc, r-devel-linux-x86_64-fedora-clang, r-devel-linux-x86_64-fedora-gcc, r-devel-windows-x86_64, r-patched-linux-x86_64, r-release-linux-x86_64, r-release-macos-arm64, r-release-macos-x86_64, r-release-windows-x86_64, r-oldrel-macos-arm64, r-oldrel-macos-x86_64, r-oldrel-windows-ix86+x86_64