Last updated on 2022-05-15 01:52:19 CEST.
Flavor | Version | Tinstall | Tcheck | Ttotal | Status | Flags |
---|---|---|---|---|---|---|
r-devel-linux-x86_64-debian-clang | 0.2.0 | 12.69 | 178.18 | 190.87 | OK | |
r-devel-linux-x86_64-debian-gcc | 0.2.0 | 9.91 | 125.31 | 135.22 | OK | |
r-devel-linux-x86_64-fedora-clang | 0.2.0 | 213.98 | NOTE | |||
r-devel-linux-x86_64-fedora-gcc | 0.2.0 | 207.42 | NOTE | |||
r-devel-windows-x86_64 | 0.2.0 | 119.00 | 201.00 | 320.00 | OK | |
r-patched-linux-x86_64 | 0.2.0 | 11.47 | 162.37 | 173.84 | OK | |
r-release-linux-x86_64 | 0.2.0 | 12.14 | 160.29 | 172.43 | OK | |
r-release-macos-arm64 | 0.2.0 | 58.00 | NOTE | |||
r-release-macos-x86_64 | 0.2.0 | 119.00 | NOTE | |||
r-release-windows-x86_64 | 0.2.0 | 89.00 | 195.00 | 284.00 | OK | |
r-oldrel-macos-arm64 | 0.2.0 | 50.00 | NOTE | |||
r-oldrel-macos-x86_64 | 0.2.0 | 68.00 | NOTE | |||
r-oldrel-windows-ix86+x86_64 | 0.2.0 | 27.00 | 185.00 | 212.00 | OK |
Version: 0.2.0
Check: dependencies in R code
Result: NOTE
Namespaces in Imports field not imported from:
‘blockCV’ ‘patchwork’
All declared Imports should be used.
Flavors: r-devel-linux-x86_64-fedora-clang, r-devel-linux-x86_64-fedora-gcc, r-release-macos-arm64, r-release-macos-x86_64, r-oldrel-macos-arm64, r-oldrel-macos-x86_64