Last updated on 2022-05-15 01:52:19 CEST.
Flavor | Version | Tinstall | Tcheck | Ttotal | Status | Flags |
---|---|---|---|---|---|---|
r-devel-linux-x86_64-debian-clang | 0.9.0 | 12.50 | 559.67 | 572.17 | OK | |
r-devel-linux-x86_64-debian-gcc | 0.9.0 | 10.05 | 435.80 | 445.85 | OK | |
r-devel-linux-x86_64-fedora-clang | 0.9.0 | 683.18 | NOTE | |||
r-devel-linux-x86_64-fedora-gcc | 0.9.0 | 657.21 | NOTE | |||
r-devel-windows-x86_64 | 0.9.0 | 67.00 | 450.00 | 517.00 | OK | |
r-patched-linux-x86_64 | 0.9.0 | 13.05 | 538.89 | 551.94 | OK | |
r-release-linux-x86_64 | 0.9.0 | 12.62 | 548.26 | 560.88 | OK | |
r-release-macos-arm64 | 0.9.0 | 205.00 | NOTE | |||
r-release-macos-x86_64 | 0.9.0 | 383.00 | NOTE | |||
r-release-windows-x86_64 | 0.9.0 | 67.00 | 434.00 | 501.00 | OK | |
r-oldrel-macos-arm64 | 0.9.0 | 512.00 | NOTE | |||
r-oldrel-macos-x86_64 | 0.9.0 | 274.00 | NOTE | |||
r-oldrel-windows-ix86+x86_64 | 0.9.0 | 27.00 | 508.00 | 535.00 | OK |
Version: 0.9.0
Check: dependencies in R code
Result: NOTE
Namespace in Imports field not imported from: ‘dtplyr’
All declared Imports should be used.
Flavors: r-devel-linux-x86_64-fedora-clang, r-devel-linux-x86_64-fedora-gcc, r-release-macos-arm64, r-release-macos-x86_64, r-oldrel-macos-arm64, r-oldrel-macos-x86_64