CRAN Package Check Results for Package fontMPlus

Last updated on 2022-05-15 01:52:19 CEST.

Flavor Version Tinstall Tcheck Ttotal Status Flags
r-devel-linux-x86_64-debian-clang 0.1.1 5.16 74.73 79.89 OK
r-devel-linux-x86_64-debian-gcc 0.1.1 4.62 54.71 59.33 OK
r-devel-linux-x86_64-fedora-clang 0.1.1 97.72 NOTE
r-devel-linux-x86_64-fedora-gcc 0.1.1 90.51 NOTE
r-devel-windows-x86_64 0.1.1 112.00 90.00 202.00 OK
r-patched-linux-x86_64 0.1.1 10.88 69.39 80.27 OK
r-release-linux-x86_64 0.1.1 5.42 68.50 73.92 OK
r-release-macos-arm64 0.1.1 33.00 ERROR
r-release-macos-x86_64 0.1.1 47.00 ERROR
r-release-windows-x86_64 0.1.1 96.00 99.00 195.00 OK
r-oldrel-macos-arm64 0.1.1 32.00 WARN
r-oldrel-macos-x86_64 0.1.1 43.00 WARN
r-oldrel-windows-ix86+x86_64 0.1.1 18.00 82.00 100.00 OK

Additional issues

M1mac

Check Details

Version: 0.1.1
Check: dependencies in R code
Result: NOTE
    Namespace in Imports field not imported from: ‘ggplot2’
     All declared Imports should be used.
Flavors: r-devel-linux-x86_64-fedora-clang, r-devel-linux-x86_64-fedora-gcc, r-release-macos-arm64, r-release-macos-x86_64, r-oldrel-macos-arm64, r-oldrel-macos-x86_64

Version: 0.1.1
Check: re-building of vignette outputs
Result: ERROR
    Error(s) in re-building vignettes:
     ...
    --- re-building ‘Using_fontMPlus.Rmd’ using rmarkdown
    Quitting from lines 56-67 (Using_fontMPlus.Rmd)
    Error: processing vignette 'Using_fontMPlus.Rmd' failed with diagnostics:
    polygon edge not found
    --- failed re-building ‘Using_fontMPlus.Rmd’
    
    SUMMARY: processing the following file failed:
     ‘Using_fontMPlus.Rmd’
    
    Error: Vignette re-building failed.
    Execution halted
Flavors: r-release-macos-arm64, r-release-macos-x86_64

Version: 0.1.1
Check: re-building of vignette outputs
Result: WARN
    Error(s) in re-building vignettes:
     ...
    --- re-building ‘Using_fontMPlus.Rmd’ using rmarkdown
    Quitting from lines 56-67 (Using_fontMPlus.Rmd)
    Error: processing vignette 'Using_fontMPlus.Rmd' failed with diagnostics:
    polygon edge not found
    --- failed re-building ‘Using_fontMPlus.Rmd’
    
    SUMMARY: processing the following file failed:
     ‘Using_fontMPlus.Rmd’
    
    Error: Vignette re-building failed.
    Execution halted
Flavors: r-oldrel-macos-arm64, r-oldrel-macos-x86_64