Last updated on 2022-05-15 01:52:19 CEST.
Flavor | Version | Tinstall | Tcheck | Ttotal | Status | Flags |
---|---|---|---|---|---|---|
r-devel-linux-x86_64-debian-clang | 1.3.3 | 3.00 | 36.96 | 39.96 | NOTE | |
r-devel-linux-x86_64-debian-gcc | 1.3.3 | 2.27 | 28.16 | 30.43 | NOTE | |
r-devel-linux-x86_64-fedora-clang | 1.3.3 | 47.67 | NOTE | |||
r-devel-linux-x86_64-fedora-gcc | 1.3.3 | 45.81 | NOTE | |||
r-devel-windows-x86_64 | 1.3.3 | 22.00 | 52.00 | 74.00 | NOTE | |
r-patched-linux-x86_64 | 1.3.3 | 2.96 | 34.88 | 37.84 | NOTE | |
r-release-linux-x86_64 | 1.3.3 | 2.78 | 35.44 | 38.22 | NOTE | |
r-release-macos-arm64 | 1.3.3 | 18.00 | NOTE | |||
r-release-macos-x86_64 | 1.3.3 | 22.00 | NOTE | |||
r-release-windows-x86_64 | 1.3.3 | 27.00 | 53.00 | 80.00 | NOTE | |
r-oldrel-macos-arm64 | 1.3.3 | 19.00 | NOTE | |||
r-oldrel-macos-x86_64 | 1.3.3 | 26.00 | NOTE | |||
r-oldrel-windows-ix86+x86_64 | 1.3.3 | 7.00 | 43.00 | 50.00 | NOTE |
Version: 1.3.3
Check: LazyData
Result: NOTE
'LazyData' is specified without a 'data' directory
Flavors: r-devel-linux-x86_64-debian-clang, r-devel-linux-x86_64-debian-gcc, r-devel-linux-x86_64-fedora-clang, r-devel-linux-x86_64-fedora-gcc, r-devel-windows-x86_64, r-patched-linux-x86_64, r-release-linux-x86_64, r-release-macos-arm64, r-release-macos-x86_64, r-release-windows-x86_64, r-oldrel-macos-arm64, r-oldrel-macos-x86_64, r-oldrel-windows-ix86+x86_64