CRAN Package Check Results for Package flying

Last updated on 2022-05-15 01:52:19 CEST.

Flavor Version Tinstall Tcheck Ttotal Status Flags
r-devel-linux-x86_64-debian-clang 0.1.3 25.89 72.80 98.69 OK
r-devel-linux-x86_64-debian-gcc 0.1.3 19.15 53.60 72.75 OK
r-devel-linux-x86_64-fedora-clang 0.1.3 129.80 NOTE
r-devel-linux-x86_64-fedora-gcc 0.1.3 119.06 NOTE
r-devel-windows-x86_64 0.1.3 38.00 105.00 143.00 OK
r-patched-linux-x86_64 0.1.3 21.62 69.04 90.66 OK
r-release-linux-x86_64 0.1.3 25.22 69.42 94.64 OK
r-release-macos-arm64 0.1.3 33.00 NOTE
r-release-macos-x86_64 0.1.3 63.00 NOTE
r-release-windows-x86_64 0.1.3 34.00 112.00 146.00 OK
r-oldrel-macos-arm64 0.1.3 41.00 NOTE
r-oldrel-macos-x86_64 0.1.3 63.00 NOTE
r-oldrel-windows-ix86+x86_64 0.1.3 66.00 125.00 191.00 OK

Check Details

Version: 0.1.3
Check: dependencies in R code
Result: NOTE
    Namespaces in Imports field not imported from:
     ‘kableExtra’ ‘knitr’ ‘rmarkdown’
     All declared Imports should be used.
Flavors: r-devel-linux-x86_64-fedora-clang, r-devel-linux-x86_64-fedora-gcc, r-release-macos-arm64, r-release-macos-x86_64, r-oldrel-macos-arm64, r-oldrel-macos-x86_64