Last updated on 2022-05-15 01:52:19 CEST.
Flavor | Version | Tinstall | Tcheck | Ttotal | Status | Flags |
---|---|---|---|---|---|---|
r-devel-linux-x86_64-debian-clang | 0.3-0 | 20.69 | 95.04 | 115.73 | OK | |
r-devel-linux-x86_64-debian-gcc | 0.3-0 | 19.00 | 73.36 | 92.36 | OK | |
r-devel-linux-x86_64-fedora-clang | 0.3-0 | 145.54 | OK | |||
r-devel-linux-x86_64-fedora-gcc | 0.3-0 | 145.44 | OK | |||
r-devel-windows-x86_64 | 0.3-0 | 118.00 | 141.00 | 259.00 | OK | |
r-patched-linux-x86_64 | 0.3-0 | 19.66 | 93.12 | 112.78 | OK | |
r-release-linux-x86_64 | 0.3-0 | 18.96 | 91.85 | 110.81 | OK | |
r-release-macos-arm64 | 0.3-0 | 46.00 | OK | |||
r-release-macos-x86_64 | 0.3-0 | 70.00 | OK | |||
r-release-windows-x86_64 | 0.3-0 | 64.00 | 150.00 | 214.00 | OK | |
r-oldrel-macos-arm64 | 0.3-0 | 48.00 | OK | |||
r-oldrel-macos-x86_64 | 0.3-0 | 75.00 | OK | |||
r-oldrel-windows-ix86+x86_64 | 0.3-0 | 190.00 | 170.00 | 360.00 | NOTE |
Version: 0.3-0
Check: installed package size
Result: NOTE
installed size is 10.2Mb
sub-directories of 1Mb or more:
libs 9.2Mb
Flavor: r-oldrel-windows-ix86+x86_64