Last updated on 2022-05-15 01:52:19 CEST.
Flavor | Version | Tinstall | Tcheck | Ttotal | Status | Flags |
---|---|---|---|---|---|---|
r-devel-linux-x86_64-debian-clang | 1.0.4 | 43.40 | 397.43 | 440.83 | OK | |
r-devel-linux-x86_64-debian-gcc | 1.0.4 | 28.44 | 286.78 | 315.22 | OK | |
r-devel-linux-x86_64-fedora-clang | 1.0.4 | 497.12 | NOTE | |||
r-devel-linux-x86_64-fedora-gcc | 1.0.4 | 489.99 | OK | |||
r-devel-windows-x86_64 | 1.0.4 | 54.00 | 368.00 | 422.00 | NOTE | |
r-patched-linux-x86_64 | 1.0.4 | 33.17 | 370.34 | 403.51 | OK | |
r-release-linux-x86_64 | 1.0.4 | 28.91 | 374.59 | 403.50 | OK | |
r-release-macos-arm64 | 1.0.4 | 115.00 | NOTE | |||
r-release-macos-x86_64 | 1.0.4 | 195.00 | NOTE | |||
r-release-windows-x86_64 | 1.0.4 | 51.00 | 360.00 | 411.00 | NOTE | |
r-oldrel-macos-arm64 | 1.0.4 | 90.00 | NOTE | |||
r-oldrel-macos-x86_64 | 1.0.4 | 151.00 | NOTE | |||
r-oldrel-windows-ix86+x86_64 | 1.0.4 | 85.00 | 379.00 | 464.00 | NOTE |
Version: 1.0.4
Check: package dependencies
Result: NOTE
Imports includes 22 non-default packages.
Importing from so many packages makes the package vulnerable to any of
them becoming unavailable. Move as many as possible to Suggests and
use conditionally.
Flavor: r-devel-linux-x86_64-fedora-clang
Version: 1.0.4
Check: installed package size
Result: NOTE
installed size is 5.3Mb
sub-directories of 1Mb or more:
doc 4.1Mb
Flavors: r-devel-linux-x86_64-fedora-clang, r-devel-windows-x86_64, r-release-macos-arm64, r-release-macos-x86_64, r-release-windows-x86_64, r-oldrel-macos-arm64, r-oldrel-macos-x86_64, r-oldrel-windows-ix86+x86_64