CRAN Package Check Results for Package fishtree

Last updated on 2022-05-15 01:52:19 CEST.

Flavor Version Tinstall Tcheck Ttotal Status Flags
r-devel-linux-x86_64-debian-clang 0.3.4 2.94 56.02 58.96 NOTE
r-devel-linux-x86_64-debian-gcc 0.3.4 2.25 43.76 46.01 NOTE
r-devel-linux-x86_64-fedora-clang 0.3.4 74.39 NOTE
r-devel-linux-x86_64-fedora-gcc 0.3.4 74.18 NOTE
r-devel-windows-x86_64 0.3.4 86.00 90.00 176.00 NOTE
r-patched-linux-x86_64 0.3.4 2.79 53.86 56.65 NOTE
r-release-linux-x86_64 0.3.4 2.74 52.88 55.62 NOTE
r-release-macos-arm64 0.3.4 22.00 NOTE
r-release-macos-x86_64 0.3.4 35.00 NOTE
r-release-windows-x86_64 0.3.4 23.00 88.00 111.00 NOTE
r-oldrel-macos-arm64 0.3.4 26.00 NOTE
r-oldrel-macos-x86_64 0.3.4 34.00 NOTE
r-oldrel-windows-ix86+x86_64 0.3.4 8.00 59.00 67.00 NOTE

Check Details

Version: 0.3.4
Check: LazyData
Result: NOTE
     'LazyData' is specified without a 'data' directory
Flavors: r-devel-linux-x86_64-debian-clang, r-devel-linux-x86_64-debian-gcc, r-devel-linux-x86_64-fedora-clang, r-devel-linux-x86_64-fedora-gcc, r-devel-windows-x86_64, r-patched-linux-x86_64, r-release-linux-x86_64, r-release-macos-arm64, r-release-macos-x86_64, r-release-windows-x86_64, r-oldrel-macos-arm64, r-oldrel-macos-x86_64, r-oldrel-windows-ix86+x86_64

Version: 0.3.4
Check: package dependencies
Result: NOTE
    Suggests orphaned package: ‘geiger’
Flavor: r-release-linux-x86_64