CRAN Package Check Results for Package fido

Last updated on 2022-05-15 01:52:19 CEST.

Flavor Version Tinstall Tcheck Ttotal Status Flags
r-devel-linux-x86_64-debian-clang 1.0.0 314.48 240.06 554.54 NOTE
r-devel-linux-x86_64-debian-gcc 1.0.0 286.67 191.14 477.81 NOTE
r-devel-linux-x86_64-fedora-clang 1.0.0 791.67 NOTE
r-devel-linux-x86_64-fedora-gcc 1.0.0 762.67 NOTE
r-devel-windows-x86_64 1.0.0 265.00 300.00 565.00 NOTE
r-patched-linux-x86_64 1.0.0 305.91 246.90 552.81 NOTE
r-release-linux-x86_64 1.0.0 310.17 241.58 551.75 NOTE
r-release-macos-arm64 1.0.0 197.00 NOTE
r-release-macos-x86_64 1.0.0 371.00 NOTE
r-release-windows-x86_64 1.0.0 284.00 295.00 579.00 NOTE
r-oldrel-macos-arm64 1.0.0 155.00 NOTE
r-oldrel-macos-x86_64 1.0.0 246.00 NOTE
r-oldrel-windows-ix86+x86_64 1.0.0 775.00 418.00 1193.00 NOTE

Check Details

Version: 1.0.0
Check: package dependencies
Result: NOTE
    Package suggested but not available for checking: 'MicrobeDS'
Flavors: r-devel-linux-x86_64-debian-clang, r-devel-linux-x86_64-debian-gcc, r-devel-linux-x86_64-fedora-clang, r-devel-linux-x86_64-fedora-gcc, r-devel-windows-x86_64, r-patched-linux-x86_64, r-release-linux-x86_64, r-release-macos-arm64, r-release-macos-x86_64, r-release-windows-x86_64, r-oldrel-macos-arm64, r-oldrel-macos-x86_64, r-oldrel-windows-ix86+x86_64

Version: 1.0.0
Check: installed package size
Result: NOTE
     installed size is 36.9Mb
     sub-directories of 1Mb or more:
     libs 35.2Mb
Flavors: r-devel-linux-x86_64-fedora-clang, r-release-macos-arm64, r-release-macos-x86_64, r-oldrel-macos-arm64, r-oldrel-macos-x86_64, r-oldrel-windows-ix86+x86_64

Version: 1.0.0
Check: dependencies in R code
Result: NOTE
    Namespace in Imports field not imported from: ‘phyloseq’
     All declared Imports should be used.
Flavors: r-devel-linux-x86_64-fedora-clang, r-devel-linux-x86_64-fedora-gcc, r-release-macos-arm64, r-release-macos-x86_64, r-oldrel-macos-arm64, r-oldrel-macos-x86_64