Last updated on 2022-05-15 01:52:19 CEST.
Flavor | Version | Tinstall | Tcheck | Ttotal | Status | Flags |
---|---|---|---|---|---|---|
r-devel-linux-x86_64-debian-clang | 1.4 | 11.30 | 126.30 | 137.60 | OK | |
r-devel-linux-x86_64-debian-gcc | 1.4 | 10.85 | 93.91 | 104.76 | OK | |
r-devel-linux-x86_64-fedora-clang | 1.4 | 169.99 | OK | |||
r-devel-linux-x86_64-fedora-gcc | 1.4 | 161.05 | OK | |||
r-devel-windows-x86_64 | 1.4 | 43.00 | 128.00 | 171.00 | OK | |
r-patched-linux-x86_64 | 1.4 | 12.50 | 116.21 | 128.71 | OK | |
r-release-linux-x86_64 | 1.4 | 14.24 | 119.66 | 133.90 | OK | |
r-release-macos-arm64 | 1.4 | 45.00 | OK | |||
r-release-macos-x86_64 | 1.4 | 65.00 | OK | |||
r-release-windows-x86_64 | 1.4 | 32.00 | 129.00 | 161.00 | OK | |
r-oldrel-macos-arm64 | 1.4 | 62.00 | OK | |||
r-oldrel-macos-x86_64 | 1.4 | 78.00 | OK | |||
r-oldrel-windows-ix86+x86_64 | 1.4 | 17.00 | 9.00 | 26.00 | ERROR |
Version: 1.4
Check: whether package can be installed
Result: ERROR
Installation failed.
Flavor: r-oldrel-windows-ix86+x86_64