Last updated on 2022-05-15 01:52:19 CEST.
Flavor | Version | Tinstall | Tcheck | Ttotal | Status | Flags |
---|---|---|---|---|---|---|
r-devel-linux-x86_64-debian-clang | 0.1.0 | 5.47 | 65.27 | 70.74 | OK | |
r-devel-linux-x86_64-debian-gcc | 0.1.0 | 4.77 | 48.06 | 52.83 | OK | |
r-devel-linux-x86_64-fedora-clang | 0.1.0 | 86.46 | NOTE | |||
r-devel-linux-x86_64-fedora-gcc | 0.1.0 | 80.52 | NOTE | |||
r-devel-windows-x86_64 | 0.1.0 | 13.00 | 80.00 | 93.00 | OK | |
r-patched-linux-x86_64 | 0.1.0 | 4.95 | 60.14 | 65.09 | OK | |
r-release-linux-x86_64 | 0.1.0 | 4.87 | 61.68 | 66.55 | OK | |
r-release-macos-arm64 | 0.1.0 | 24.00 | NOTE | |||
r-release-macos-x86_64 | 0.1.0 | 46.00 | NOTE | |||
r-release-windows-x86_64 | 0.1.0 | 14.00 | 79.00 | 93.00 | OK | |
r-oldrel-macos-arm64 | 0.1.0 | 30.00 | NOTE | |||
r-oldrel-macos-x86_64 | 0.1.0 | 46.00 | NOTE | |||
r-oldrel-windows-ix86+x86_64 | 0.1.0 | 16.00 | 76.00 | 92.00 | OK |
Version: 0.1.0
Check: dependencies in R code
Result: NOTE
Namespaces in Imports field not imported from:
‘usethis’ ‘utils’
All declared Imports should be used.
Flavors: r-devel-linux-x86_64-fedora-clang, r-devel-linux-x86_64-fedora-gcc, r-release-macos-arm64, r-release-macos-x86_64, r-oldrel-macos-arm64, r-oldrel-macos-x86_64
Version: 0.1.0
Check: data for non-ASCII characters
Result: NOTE
Note: found 1 marked Latin-1 string
Flavors: r-devel-linux-x86_64-fedora-clang, r-devel-linux-x86_64-fedora-gcc, r-release-macos-arm64, r-release-macos-x86_64, r-oldrel-macos-arm64, r-oldrel-macos-x86_64