Last updated on 2022-05-15 01:52:19 CEST.
Flavor | Version | Tinstall | Tcheck | Ttotal | Status | Flags |
---|---|---|---|---|---|---|
r-devel-linux-x86_64-debian-clang | 0.1.0 | 129.59 | 128.72 | 258.31 | NOTE | |
r-devel-linux-x86_64-debian-gcc | 0.1.0 | 110.36 | 97.71 | 208.07 | NOTE | |
r-devel-linux-x86_64-fedora-clang | 0.1.0 | 339.49 | NOTE | |||
r-devel-linux-x86_64-fedora-gcc | 0.1.0 | 344.30 | NOTE | |||
r-devel-windows-x86_64 | 0.1.0 | 97.00 | 170.00 | 267.00 | NOTE | |
r-patched-linux-x86_64 | 0.1.0 | 101.35 | 126.09 | 227.44 | NOTE | |
r-release-linux-x86_64 | 0.1.0 | 91.27 | 127.63 | 218.90 | NOTE | |
r-release-macos-arm64 | 0.1.0 | 98.00 | NOTE | |||
r-release-macos-x86_64 | 0.1.0 | 187.00 | NOTE | |||
r-release-windows-x86_64 | 0.1.0 | 93.00 | 176.00 | 269.00 | NOTE | |
r-oldrel-macos-arm64 | 0.1.0 | 78.00 | NOTE | |||
r-oldrel-macos-x86_64 | 0.1.0 | 108.00 | NOTE | |||
r-oldrel-windows-ix86+x86_64 | 0.1.0 | 293.00 | 214.00 | 507.00 | NOTE |
Version: 0.1.0
Check: for GNU extensions in Makefiles
Result: NOTE
GNU make is a SystemRequirements.
Flavors: r-devel-linux-x86_64-debian-clang, r-devel-linux-x86_64-debian-gcc, r-devel-linux-x86_64-fedora-clang, r-devel-linux-x86_64-fedora-gcc, r-devel-windows-x86_64, r-patched-linux-x86_64, r-release-linux-x86_64, r-release-macos-arm64, r-release-macos-x86_64, r-release-windows-x86_64, r-oldrel-macos-arm64, r-oldrel-macos-x86_64, r-oldrel-windows-ix86+x86_64
Version: 0.1.0
Check: installed package size
Result: NOTE
installed size is 21.2Mb
sub-directories of 1Mb or more:
libs 20.7Mb
Flavors: r-devel-linux-x86_64-fedora-clang, r-release-macos-arm64, r-release-macos-x86_64, r-oldrel-macos-arm64, r-oldrel-macos-x86_64
Version: 0.1.0
Check: dependencies in R code
Result: NOTE
Namespaces in Imports field not imported from:
‘RcppParallel’ ‘rstantools’
All declared Imports should be used.
Flavors: r-devel-linux-x86_64-fedora-clang, r-devel-linux-x86_64-fedora-gcc, r-release-macos-arm64, r-release-macos-x86_64, r-oldrel-macos-arm64, r-oldrel-macos-x86_64