Last updated on 2022-05-15 01:52:19 CEST.
Flavor | Version | Tinstall | Tcheck | Ttotal | Status | Flags |
---|---|---|---|---|---|---|
r-devel-linux-x86_64-debian-clang | 1.0.3 | 128.15 | 268.03 | 396.18 | WARN | |
r-devel-linux-x86_64-debian-gcc | 1.0.3 | 91.35 | 194.75 | 286.10 | NOTE | |
r-devel-linux-x86_64-fedora-clang | 1.0.3 | 485.53 | WARN | |||
r-devel-linux-x86_64-fedora-gcc | 1.0.3 | 464.66 | NOTE | |||
r-devel-windows-x86_64 | 1.0.3 | 92.00 | 264.00 | 356.00 | NOTE | |
r-patched-linux-x86_64 | 1.0.3 | 106.48 | 256.03 | 362.51 | NOTE | |
r-release-linux-x86_64 | 1.0.3 | 109.36 | 259.55 | 368.91 | NOTE | |
r-release-macos-arm64 | 1.0.3 | 94.00 | NOTE | |||
r-release-macos-x86_64 | 1.0.3 | 135.00 | NOTE | |||
r-release-windows-x86_64 | 1.0.3 | 100.00 | 264.00 | 364.00 | NOTE | |
r-oldrel-macos-arm64 | 1.0.3 | 64.00 | NOTE | |||
r-oldrel-macos-x86_64 | 1.0.3 | 122.00 | NOTE | |||
r-oldrel-windows-ix86+x86_64 | 1.0.3 | 287.00 | 360.00 | 647.00 | NOTE |
Version: 1.0.3
Check: whether package can be installed
Result: WARN
Found the following significant warnings:
pixelfn.cpp:15:6: warning: use of bitwise '|' with boolean operands [-Wbitwise-instead-of-logical]
pixelfn.cpp:34:6: warning: use of bitwise '|' with boolean operands [-Wbitwise-instead-of-logical]
pixelfn.cpp:41:6: warning: use of bitwise '|' with boolean operands [-Wbitwise-instead-of-logical]
Flavors: r-devel-linux-x86_64-debian-clang, r-devel-linux-x86_64-fedora-clang
Version: 1.0.3
Check: LazyData
Result: NOTE
'LazyData' is specified without a 'data' directory
Flavors: r-devel-linux-x86_64-debian-clang, r-devel-linux-x86_64-debian-gcc, r-devel-linux-x86_64-fedora-clang, r-devel-linux-x86_64-fedora-gcc, r-devel-windows-x86_64, r-patched-linux-x86_64, r-release-linux-x86_64, r-release-macos-arm64, r-release-macos-x86_64, r-release-windows-x86_64, r-oldrel-macos-arm64, r-oldrel-macos-x86_64, r-oldrel-windows-ix86+x86_64