Last updated on 2022-05-15 01:52:19 CEST.
Flavor | Version | Tinstall | Tcheck | Ttotal | Status | Flags |
---|---|---|---|---|---|---|
r-devel-linux-x86_64-debian-clang | 0.1.5 | 8.02 | 82.88 | 90.90 | NOTE | |
r-devel-linux-x86_64-debian-gcc | 0.1.5 | 6.57 | 61.02 | 67.59 | NOTE | |
r-devel-linux-x86_64-fedora-clang | 0.1.5 | 114.47 | NOTE | |||
r-devel-linux-x86_64-fedora-gcc | 0.1.5 | 112.59 | NOTE | |||
r-devel-windows-x86_64 | 0.1.5 | 17.00 | 94.00 | 111.00 | NOTE | |
r-patched-linux-x86_64 | 0.1.5 | 6.67 | 76.68 | 83.35 | NOTE | |
r-release-linux-x86_64 | 0.1.5 | 5.43 | 76.41 | 81.84 | NOTE | |
r-release-macos-arm64 | 0.1.5 | 31.00 | NOTE | |||
r-release-macos-x86_64 | 0.1.5 | 51.00 | NOTE | |||
r-release-windows-x86_64 | 0.1.5 | 13.00 | 94.00 | 107.00 | NOTE | |
r-oldrel-macos-arm64 | 0.1.5 | 35.00 | NOTE | |||
r-oldrel-macos-x86_64 | 0.1.5 | 49.00 | NOTE | |||
r-oldrel-windows-ix86+x86_64 | 0.1.5 | 22.00 | 89.00 | 111.00 | NOTE |
Version: 0.1.5
Check: LazyData
Result: NOTE
'LazyData' is specified without a 'data' directory
Flavors: r-devel-linux-x86_64-debian-clang, r-devel-linux-x86_64-debian-gcc, r-devel-linux-x86_64-fedora-clang, r-devel-linux-x86_64-fedora-gcc, r-devel-windows-x86_64, r-patched-linux-x86_64, r-release-linux-x86_64, r-release-macos-arm64, r-release-macos-x86_64, r-release-windows-x86_64, r-oldrel-macos-arm64, r-oldrel-macos-x86_64, r-oldrel-windows-ix86+x86_64