Last updated on 2022-05-15 01:52:18 CEST.
Flavor | Version | Tinstall | Tcheck | Ttotal | Status | Flags |
---|---|---|---|---|---|---|
r-devel-linux-x86_64-debian-clang | 1.0.5 | 4.19 | 72.75 | 76.94 | NOTE | |
r-devel-linux-x86_64-debian-gcc | 1.0.5 | 3.07 | 54.82 | 57.89 | NOTE | |
r-devel-linux-x86_64-fedora-clang | 1.0.5 | 86.81 | NOTE | |||
r-devel-linux-x86_64-fedora-gcc | 1.0.5 | 87.51 | NOTE | |||
r-devel-windows-x86_64 | 1.0.5 | 33.00 | 90.00 | 123.00 | NOTE | |
r-patched-linux-x86_64 | 1.0.5 | 4.32 | 69.02 | 73.34 | NOTE | |
r-release-linux-x86_64 | 1.0.5 | 3.61 | 68.58 | 72.19 | NOTE | |
r-release-macos-arm64 | 1.0.5 | 28.00 | NOTE | |||
r-release-macos-x86_64 | 1.0.5 | 39.00 | NOTE | |||
r-release-windows-x86_64 | 1.0.5 | 33.00 | 90.00 | 123.00 | NOTE | |
r-oldrel-macos-arm64 | 1.0.5 | 49.00 | NOTE | |||
r-oldrel-macos-x86_64 | 1.0.5 | 52.00 | NOTE | |||
r-oldrel-windows-ix86+x86_64 | 1.0.5 | 10.00 | 74.00 | 84.00 | NOTE |
Version: 1.0.5
Check: R code for possible problems
Result: NOTE
toJavaMatrix2D: no visible global function definition for 'is'
Undefined global functions or variables:
is
Consider adding
importFrom("methods", "is")
to your NAMESPACE file (and ensure that your DESCRIPTION Imports field
contains 'methods').
Flavors: r-devel-linux-x86_64-debian-clang, r-devel-linux-x86_64-debian-gcc, r-devel-linux-x86_64-fedora-clang, r-devel-linux-x86_64-fedora-gcc, r-devel-windows-x86_64, r-patched-linux-x86_64, r-release-linux-x86_64, r-release-macos-arm64, r-release-macos-x86_64, r-release-windows-x86_64, r-oldrel-macos-arm64, r-oldrel-macos-x86_64, r-oldrel-windows-ix86+x86_64
Version: 1.0.5
Check: for non-standard things in the check directory
Result: NOTE
Found the following files/directories:
'temp.Rdata'
Flavors: r-devel-linux-x86_64-debian-clang, r-devel-linux-x86_64-debian-gcc, r-devel-linux-x86_64-fedora-clang, r-devel-linux-x86_64-fedora-gcc, r-patched-linux-x86_64, r-release-linux-x86_64