Last updated on 2022-05-15 01:52:18 CEST.
Flavor | Version | Tinstall | Tcheck | Ttotal | Status | Flags |
---|---|---|---|---|---|---|
r-devel-linux-x86_64-debian-clang | 1.9.1 | 457.80 | 101.15 | 558.95 | NOTE | |
r-devel-linux-x86_64-debian-gcc | 1.9.1 | 348.80 | 78.40 | 427.20 | NOTE | |
r-devel-linux-x86_64-fedora-clang | 1.9.1 | 897.00 | NOTE | |||
r-devel-linux-x86_64-fedora-gcc | 1.9.1 | 732.61 | NOTE | |||
r-devel-windows-x86_64 | 1.9.1 | 482.00 | 149.00 | 631.00 | NOTE | |
r-patched-linux-x86_64 | 1.9.1 | 390.71 | 96.67 | 487.38 | NOTE | |
r-release-linux-x86_64 | 1.9.1 | 371.45 | 99.50 | 470.95 | NOTE | |
r-release-macos-arm64 | 1.9.1 | 153.00 | NOTE | |||
r-release-macos-x86_64 | 1.9.1 | 228.00 | NOTE | |||
r-release-windows-x86_64 | 1.9.1 | 504.00 | 152.00 | 656.00 | NOTE | |
r-oldrel-macos-arm64 | 1.9.1 | 175.00 | NOTE | |||
r-oldrel-macos-x86_64 | 1.9.1 | 235.00 | NOTE | |||
r-oldrel-windows-ix86+x86_64 | 1.9.1 | 1102.00 | 225.00 | 1327.00 | NOTE |
Version: 1.9.1
Check: LazyData
Result: NOTE
'LazyData' is specified without a 'data' directory
Flavors: r-devel-linux-x86_64-debian-clang, r-devel-linux-x86_64-debian-gcc, r-devel-linux-x86_64-fedora-clang, r-devel-linux-x86_64-fedora-gcc, r-devel-windows-x86_64, r-patched-linux-x86_64, r-release-linux-x86_64, r-release-macos-arm64, r-release-macos-x86_64, r-release-windows-x86_64, r-oldrel-macos-arm64, r-oldrel-macos-x86_64, r-oldrel-windows-ix86+x86_64
Version: 1.9.1
Check: installed package size
Result: NOTE
installed size is 11.2Mb
sub-directories of 1Mb or more:
libs 10.6Mb
Flavors: r-devel-linux-x86_64-fedora-clang, r-release-macos-arm64, r-release-macos-x86_64, r-oldrel-macos-arm64, r-oldrel-macos-x86_64