CRAN Package Check Results for Package exactci

Last updated on 2022-05-15 01:52:18 CEST.

Flavor Version Tinstall Tcheck Ttotal Status Flags
r-devel-linux-x86_64-debian-clang 1.4-2 5.19 54.38 59.57 OK
r-devel-linux-x86_64-debian-gcc 1.4-2 3.50 40.85 44.35 OK
r-devel-linux-x86_64-fedora-clang 1.4-2 71.07 NOTE
r-devel-linux-x86_64-fedora-gcc 1.4-2 69.08 OK
r-devel-windows-x86_64 1.4-2 13.00 78.00 91.00 OK
r-patched-linux-x86_64 1.4-2 10.28 51.56 61.84 OK
r-release-linux-x86_64 1.4-2 4.07 50.96 55.03 OK
r-release-macos-arm64 1.4-2 25.00 OK
r-release-macos-x86_64 1.4-2 47.00 OK
r-release-windows-x86_64 1.4-2 14.00 78.00 92.00 OK
r-oldrel-macos-arm64 1.4-2 35.00 OK
r-oldrel-macos-x86_64 1.4-2 32.00 OK
r-oldrel-windows-ix86+x86_64 1.4-2 10.00 64.00 74.00 OK

Check Details

Version: 1.4-2
Check: Rd cross-references
Result: NOTE
    Undeclared package ‘exact2x2’ in Rd xrefs
Flavor: r-devel-linux-x86_64-fedora-clang