Last updated on 2022-05-15 01:52:18 CEST.
Flavor | Version | Tinstall | Tcheck | Ttotal | Status | Flags |
---|---|---|---|---|---|---|
r-devel-linux-x86_64-debian-clang | 1.1 | 11.12 | 113.72 | 124.84 | NOTE | |
r-devel-linux-x86_64-debian-gcc | 1.1 | 9.16 | 85.62 | 94.78 | NOTE | |
r-devel-linux-x86_64-fedora-clang | 1.1 | 159.81 | NOTE | |||
r-devel-linux-x86_64-fedora-gcc | 1.1 | 160.92 | NOTE | |||
r-devel-windows-x86_64 | 1.1 | 26.00 | 126.00 | 152.00 | OK | |
r-patched-linux-x86_64 | 1.1 | 10.13 | 107.63 | 117.76 | NOTE | |
r-release-linux-x86_64 | 1.1 | 10.96 | 109.28 | 120.24 | WARN | |
r-release-macos-arm64 | 1.1 | 39.00 | OK | |||
r-release-macos-x86_64 | 1.1 | 77.00 | OK | |||
r-release-windows-x86_64 | 1.1 | 21.00 | 127.00 | 148.00 | OK | |
r-oldrel-macos-arm64 | 1.1 | 42.00 | OK | |||
r-oldrel-macos-x86_64 | 1.1 | 79.00 | OK | |||
r-oldrel-windows-ix86+x86_64 | 1.1 | 27.00 | 122.00 | 149.00 | OK |
Version: 1.1
Check: for non-standard things in the check directory
Result: NOTE
Found the following files/directories:
'sample .nwk'
Flavors: r-devel-linux-x86_64-debian-clang, r-devel-linux-x86_64-debian-gcc, r-devel-linux-x86_64-fedora-clang, r-devel-linux-x86_64-fedora-gcc, r-patched-linux-x86_64, r-release-linux-x86_64
Version: 1.1
Check: package dependencies
Result: WARN
Requires orphaned package: ‘geiger’
Flavor: r-release-linux-x86_64