Last updated on 2022-05-15 01:52:18 CEST.
Flavor | Version | Tinstall | Tcheck | Ttotal | Status | Flags |
---|---|---|---|---|---|---|
r-devel-linux-x86_64-debian-clang | 1.3 | 2.09 | 32.70 | 34.79 | NOTE | |
r-devel-linux-x86_64-debian-gcc | 1.3 | 1.10 | 25.21 | 26.31 | NOTE | |
r-devel-linux-x86_64-fedora-clang | 1.3 | 41.68 | NOTE | |||
r-devel-linux-x86_64-fedora-gcc | 1.3 | 40.10 | NOTE | |||
r-devel-windows-x86_64 | 1.3 | 34.00 | 53.00 | 87.00 | NOTE | |
r-patched-linux-x86_64 | 1.3 | 2.26 | 31.13 | 33.39 | NOTE | |
r-release-linux-x86_64 | 1.3 | 2.01 | 30.84 | 32.85 | NOTE | |
r-release-macos-arm64 | 1.3 | 17.00 | NOTE | |||
r-release-macos-x86_64 | 1.3 | 22.00 | NOTE | |||
r-release-windows-x86_64 | 1.3 | 6.00 | 53.00 | 59.00 | NOTE | |
r-oldrel-macos-arm64 | 1.3 | 22.00 | NOTE | |||
r-oldrel-macos-x86_64 | 1.3 | 27.00 | NOTE | |||
r-oldrel-windows-ix86+x86_64 | 1.3 | 6.00 | 28.00 | 34.00 | NOTE |
Version: 1.3
Check: LazyData
Result: NOTE
'LazyData' is specified without a 'data' directory
Flavors: r-devel-linux-x86_64-debian-clang, r-devel-linux-x86_64-debian-gcc, r-devel-linux-x86_64-fedora-clang, r-devel-linux-x86_64-fedora-gcc, r-devel-windows-x86_64, r-patched-linux-x86_64, r-release-linux-x86_64, r-release-macos-arm64, r-release-macos-x86_64, r-release-windows-x86_64, r-oldrel-macos-arm64, r-oldrel-macos-x86_64, r-oldrel-windows-ix86+x86_64