CRAN Package Check Results for Package err

Last updated on 2022-05-15 01:52:18 CEST.

Flavor Version Tinstall Tcheck Ttotal Status Flags
r-devel-linux-x86_64-debian-clang 0.2.0 2.29 32.36 34.65 NOTE
r-devel-linux-x86_64-debian-gcc 0.2.0 1.31 25.01 26.32 NOTE
r-devel-linux-x86_64-fedora-clang 0.2.0 42.97 NOTE
r-devel-linux-x86_64-fedora-gcc 0.2.0 40.97 NOTE
r-devel-windows-x86_64 0.2.0 15.00 47.00 62.00 NOTE
r-patched-linux-x86_64 0.2.0 2.16 31.39 33.55 NOTE
r-release-linux-x86_64 0.2.0 1.72 31.65 33.37 NOTE
r-release-macos-arm64 0.2.0 16.00 NOTE
r-release-macos-x86_64 0.2.0 20.00 NOTE
r-release-windows-x86_64 0.2.0 13.00 47.00 60.00 NOTE
r-oldrel-macos-arm64 0.2.0 23.00 NOTE
r-oldrel-macos-x86_64 0.2.0 25.00 NOTE
r-oldrel-windows-ix86+x86_64 0.2.0 5.00 40.00 45.00 NOTE

Check Details

Version: 0.2.0
Check: LazyData
Result: NOTE
     'LazyData' is specified without a 'data' directory
Flavors: r-devel-linux-x86_64-debian-clang, r-devel-linux-x86_64-debian-gcc, r-devel-linux-x86_64-fedora-clang, r-devel-linux-x86_64-fedora-gcc, r-devel-windows-x86_64, r-patched-linux-x86_64, r-release-linux-x86_64, r-release-macos-arm64, r-release-macos-x86_64, r-release-windows-x86_64, r-oldrel-macos-arm64, r-oldrel-macos-x86_64, r-oldrel-windows-ix86+x86_64